-- https://www.phpmyadmin.net/
--

START TRANSACTION;



--
-- Database: `staff-new`
--

-- --------------------------------------------------------

--
-- Table structure for table `brand`
--

CREATE TABLE `brand` (
  `brand` varchar(100) NOT NULL,
  `picture` varchar(100) NOT NULL,
  `banner` varchar(100) NOT NULL
) ENGINE=InnoDB DEFAULT CHARSET=utf8mb4 COLLATE=utf8mb4_general_ci;

--
-- Dumping data for table `brand`
--

INSERT INTO `brand` (`brand`, `picture`, `banner`) VALUES
('ACER', 'Acer.png', 'Brand Web Banner-01.png'),
('APNX', 'APNX.png', 'Brand Web Banner-03.png'),
('SEGOTEP', 'Segotep.png', 'Brand Web Banner-13.png'),
('TOTO LINK', 'Toto Link.png', 'Brand Web Banner-16.png'),
('X-FIVE', 'X-Five.png', 'Brand Web Banner-17.png'),
('ZEAGINAL', 'Zeaginal.png', 'Brand Web Banner-18.png'),
('AIWA', 'Aiwa.png', 'Brand Web Banner-02.png'),
('ASIAHORSE', 'Asiahorse.png', 'Brand Web Banner-04.png'),
('COLORFUL', 'Colorful.png', 'Brand Web Banner-05.png'),
('DARMOSHARK', 'Darmoshark.png', 'Brand Web Banner-06.png'),
('HAVN', 'HAVN.png', 'HAVN Web Banner.png'),
('LIAN LI', 'Lian Li.png', 'Brand Web Banner-09.png'),
('MARVO', 'Marvo.png', 'Brand Web Banner-10.png'),
('MOTOSPEED', 'Motospeed.png', 'Brand Web Banner-12.png'),
('STREAMPLIFY', 'Streamplify.png', 'Brand Web Banner-14.png'),
('THERMALRIGHT', 'Thermalright.png', 'Brand Web Banner-15.png'),
('AOC', 'AOC.png', 'Brand Web Banner-103.png'),
('PREDATOR', 'Predator Storage.png', 'Brand Web Banner-11.png'),
('FORMULA V', 'Formula V Logo-01.png', 'Brand Web Banner-07.png');

-- --------------------------------------------------------

--
-- Table structure for table `category`
--

CREATE TABLE `category` (
  `category` varchar(255) NOT NULL,
  `picture` varchar(100) NOT NULL,
  `banner` varchar(255) NOT NULL
) ENGINE=InnoDB DEFAULT CHARSET=utf8mb4 COLLATE=utf8mb4_general_ci;

--
-- Dumping data for table `category`
--

INSERT INTO `category` (`category`, `picture`, `banner`) VALUES
('Thermal Paste', 'paste.png', 'Web Banner-06.png'),
('Thermal Pad', 'pad.png', 'Web Banner-01.png'),
('Strimer', 'strimer.png', 'Web Banner-28.png'),
('SSD', 'ssd.png', 'Web Banner-11.png'),
('RAM', 'ram.png', 'Web Banner-10.png'),
('PSU', 'psu.png', 'Web Banner-05.png'),
('NoteBook', 'laptop.png', 'Web Banner-09.png'),
('Mouse', 'mouse.png', 'Web Banner-15.png'),
('Monitor', 'monitor.png', 'Web Banner-14.png'),
('Keyboard', 'keyboard.png', 'Web Banner-21.png'),
('Headset', 'headset.png', 'Web Banner-20.png'),
('GPU', 'gpu.png', 'Web Banner-07.png'),
('Flash', 'flash.png', 'Web Banner-18.png'),
('Fan', 'fan.png', 'Web Banner-17.png'),
('Casing', 'casing.png', 'Web Banner-02.png'),
('Audio', 'audio.png', 'Web Banner-19.png'),
('AIO-Screen', 'aio-screen.png', 'Web Banner-25.png'),
('Air-Screen', 'air-screen.png', 'Web Banner-24.png'),
('AIO ', 'aio.png', 'Web Banner-04.png'),
('Air ', 'air.png', 'Web Banner-03.png'),
('Acc', 'acc.png', 'Web Banner-13.png'),
('Mainboard', 'motherboard.png', 'Web Banner-12.png'),
('Cable', 'cable.png', 'Web Banner-23.png'),
('MIC', 'mic.png', 'Web Banner-16.png'),
('ADAPTER', 'adapter.png', 'Web Banner-22.png'),
('EXTENDER', 'extender.png', 'Web Banner-27.png'),
('SWITCH', 'switch.png', 'Web Banner-26.png');

-- --------------------------------------------------------

--
-- Table structure for table `color`
--

CREATE TABLE `color` (
  `color` varchar(100) NOT NULL,
  `hex` varchar(100) NOT NULL
) ENGINE=InnoDB DEFAULT CHARSET=utf8mb4 COLLATE=utf8mb4_general_ci;

--
-- Dumping data for table `color`
--

INSERT INTO `color` (`color`, `hex`) VALUES
('GREY', '#DFDFDD'),
('BLACK', '#060606'),
('GREEN', '#79CBB8'),
('WHITE', '#F8F6F7'),
('ARGB', '#6AD1FCv,#FC5A77,#8397E5'),
('WOOD WHITE', '#E1C699,#F8F6F7'),
('WOOD BLACK', '#E1C699,#060606'),
('DIGITAL BLACK', ''),
('RED', '#BE0208'),
('GOLD', '#FDC53E'),
('SLIVER', '#B4B3BB'),
('BLUE', '#6192D3'),
('ORANGE', '#FFA500'),
('BLACK WHITE WOOD', '#060606,#F8F6F7,#E1C699'),
('BLACK WHITE', '#060606,#F8F6F7'),
('PINK', '#FFC0CB'),
('PURPLE', '#663399'),
('YELLOW', '#FFE135');

-- --------------------------------------------------------

--
-- Table structure for table `event`
--

CREATE TABLE `event` (
  `name` varchar(100) NOT NULL,
  `date` varchar(100) NOT NULL,
  `location` varchar(100) NOT NULL,
  `description` text NOT NULL,
  `status` varchar(100) NOT NULL,
  `picture` varchar(100) NOT NULL,
  `link` varchar(255) NOT NULL
) ENGINE=InnoDB DEFAULT CHARSET=utf8mb4 COLLATE=utf8mb4_general_ci;

--
-- Dumping data for table `event`
--

INSERT INTO `event` (`name`, `date`, `location`, `description`, `status`, `picture`, `link`) VALUES
('Light Up Your Holidays with GeForce RTX!', '1st -31st December,2024', 'online', 'Buy any Colorful GeForce RTX 4070 Ti SUPER GPU and stand a chance to WIN your GPU for FREE!', 'EXPIRED', 'event-0112-3112-2024.jpg', 'https://l.facebook.com/l.php?u=https%3A%2F%2Fwoobox.com%2Fcxf5wb%3Ffbclid%3DIwZXh0bgNhZW0CMTAAYnJpZBExYjhkdERIZ214eHRBeFNNRXNydGMGYXBwX2lkEDIyMjAzOTE3ODgyMDA4OTIAAR52nyk5KZMIz54Xsaa4S33309iN7otHhSBPfpigVsIMZ6yN-36vwU4oFcC3QQ_aem_yXrjnwI20FUopx6ZufC1gA&h=A'),
('NVIDIA Powers the World\'s AI. And Yours.', '16 March ? 26 April 2026', 'ONLINE', 'Purchase selected COLORFUL GeForce RTX? 5060 Ti 8GB GPUs and redeem up to RM100 e-wallet.', 'ACTIVE', 'poster1.png', 'https://l.facebook.com/l.php?u=https%3A%2F%2Fmrtianxian-art.github.io%2FGeForce-festival-sale2026%2F%3Ffbclid%3DIwZXh0bgNhZW0CMTAAYnJpZBExYjhkdERIZ214eHRBeFNNRXNydGMGYXBwX2lkEDIyMjAzOTE3ODgyMDA4OTIAAR6-xp1ijFxgSswxwU8T8C6Oek08cQBt5u_nUExKAF0NmPVDBp1HBA5kv'),
('Nightmare Unleashed', '10TH FEB - 30TH April, 2026', 'online', 'Buy Select GeForce RTX? 50 Series, get?Resident Evil Requiem?(Standard Edition $69.99 Value)', 'ACTIVE', 'EVENT-1002-3004-2926.jpg', 'https://l.facebook.com/l.php?u=https%3A%2F%2Fspecial.colorful.cn%2FOverseasSpecial%2FResidentEvilRequiem%3Ffbclid%3DIwZXh0bgNhZW0CMTAAYnJpZBExYjhkdERIZ214eHRBeFNNRXNydGMGYXBwX2lkEDIyMjAzOTE3ODgyMDA4OTIAAR4-6MPOc84q2Ubfg1fj4GP8heN5o0Z12fkL8uYBex1IWZJvaJFjq'),
('COLORFUL CNY Deal is here!', '2 Feb 2026 ? 9 Mar 2026', 'ONLINE', 'Buy any selected COLORFUL laptop and we treat you a KFC voucher ?\nnew laptop secured', 'EXPIRED', 'EVENT-0202-0903-2026.jpg', 'https://l.facebook.com/l.php?u=https%3A%2F%2Fforms.gle%2FdSkfKGEkEidMT9dt6%3Ffbclid%3DIwZXh0bgNhZW0CMTAAYnJpZBExYjhkdERIZ214eHRBeFNNRXNydGMGYXBwX2lkEDIyMjAzOTE3ODgyMDA4OTIAAR73kp3ubpMIeAYQ-zonjfo2KXNKBtOMdX93HtEMeOFg-ZLwTO0XuFOPYxZ8FQ_aem_Nwwgc65JoTuEKWt6'),
('MERRY CHIRSMAXXX', '2026-03-25', 'ONLINE', 'The holidays are all about joy, giving, and EPIC loot ? and we?re bringing you all three!\r\nThis Christmas, we?re levelling things up with a massive giveaway featuring a COLORFUL Borderlands 4?themed graphics card for one lucky Vault Hunter!', 'Active', 'EVENT-1912-2912-2025.jpg', 'https://www.facebook.com/share/p/1DZF2DDR8U/'),
('Experience next-gen performance with the GeForce RTX? 50 Series.', '24 Nov ? 31 Dec 2025', 'ONLINE', 'Elevate your build, elevate your gameplay?and enjoy complimentary limited-edition merchandise with any iGame GeForce RTX? 5060 & above graphics card purchase.', 'EXPIRED', 'EVENT-2412-3112-2025.jpg', 'https://www.facebook.com/share/p/1EXY6YSaxH/'),
('25 Years of GeForce, Celebrated Together in Malaysia!', '30-Oct-25', 'AION 2, CINDER CITY', 'the GeForce Gamer Festival Watch Party and catch the Seoul livestream featuring PUBG Ally, AION 2, CINDER CITY, and a special performance by LE SSERAFIM', 'EXPIRED', 'EVENT-301025.jpg', 'https://www.facebook.com/share/r/1Avexa4ApQ/'),
('Colorful iGame x Senna Gathering', '29 OCT, 2025', 'The Grey Box, GMBB', 'Get ready to meet Senna, the intelligent new face of Colorful iGame! Smart, dynamic and built for gamers, Senna marks the next step in iGame\'s legacy of innovation.', 'EXPIRED', 'EVENT-291025.jpg', 'https://www.facebook.com/share/p/1KHGzw9L3k/'),
('Back in iCafe, Penang we come', '27th Sept 2025 | 11am - 8pm', 'Fragzone Gaming Zone, Penang Island', 'Enjoy delicious food & drinks while you take part in thrilling activities!', 'EXPIRED', 'EVENT-270925.jpg', 'https://www.facebook.com/share/r/1CGjbdvgJz/'),
('Celebrate Merdeka Day with the Power of AI!', 'Aug 29 ? Sept 28, 2025', 'ONLINE', 'Upgrade to the latest COLORFUL iGame GeForce RTX? 50 Series GPUs and enjoy next-level performance for gaming, creativity, and AI.', 'EXPIRED', 'event-2908-2809-2025.jpg', 'https://www.facebook.com/share/p/1AtRqznCQ3/');

-- --------------------------------------------------------

--
-- Table structure for table `product`
--

CREATE TABLE `product` (
  `brand` varchar(100) NOT NULL,
  `category` varchar(100) NOT NULL,
  `name` varchar(255) NOT NULL,
  `code` varchar(100) NOT NULL,
  `description` text NOT NULL,
  `status` varchar(100) NOT NULL,
  `URL` varchar(255) NOT NULL
) ENGINE=InnoDB DEFAULT CHARSET=utf8mb4 COLLATE=utf8mb4_general_ci;

--
-- Dumping data for table `product`
--

INSERT INTO `product` (`brand`, `category`, `name`, `code`, `description`, `status`, `URL`) VALUES
('colorful', 'GPU', 'COLORFUL GEFORCE RTX 5050 GAMING DUO 8GB-V', '6937232403573 ', '', 'ACTIVE', 'https://en.colorful.cn/en/home/Product?id=fe868ae4-48ca-401c-b825-5b716574ffa8&mid=102'),
('colorful', 'GPU', 'IGAME GEFORCE RTX 5050 ULTRA W DUO OC 8GB-V', '6937232401500 ', '', 'ACTIVE', 'https://en.colorful.cn/en/home/product?mid=102&id=e4a35a22-5dbd-4dd6-a2c3-e58823e94c24'),
('colorful', 'GPU', 'COLORFUL GEFORCE RTX 5060 GAMING DUO 8GB-V', '6937232403566 ', '', 'ACTIVE', 'https://en.colorful.cn/en/home/product?mid=102&id=21a98cf3-1bfd-45ad-9714-946003330a73'),
('colorful', 'GPU', 'COLORFIRE GEFORCE RTX 5060 MEOW-ORG DUO 8GB-V', '6937232401166 ', 'Feature Highlights:\n? MEOW Exclusive Design\n? MEOW Cooling System\n? Efficient Air Concentration\n? MEOW RGB Lighting\n? Hardware/Software Interaction', 'ACTIVE', 'https://en.colorful.cn/en/home/product?mid=102&id=09af83be-81b2-45a4-8ccd-ac52b2f8dd26'),
('colorful', 'GPU', 'COLORFIRE GEFORCE RTX 5060 MEOW-ORG 8GB-V (3 FAN)', '6937232400961 ', 'Feature Highlights:\n? MEOW Exclusive Design\n? MEOW Cooling System\n? Efficient Air Concentration\n? MEOW RGB Lighting\n? Hardware/Software Interaction', 'ACTIVE', 'https://en.colorful.cn/en/home/product?mid=102&id=f0b32c97-e28d-4ffc-bfc0-7539c29b25f7'),
('colorful', 'GPU', 'IGAME GEFORCE RTX 5060 TI ULTRA W DUO OC 8GB-V', '6937232400749 ', '', 'ACTIVE', 'https://en.colorful.cn/en/home/Product?id=d5c83d2a-f123-4ee6-8d47-81ac7f0ddca4&mid=102'),
('colorful', 'GPU', 'IGAME GEFORCE RTX 5060 TI ULTRA W OC 8GB-V (3 FAN)', '6937232400732 ', '', 'ACTIVE', 'https://en.colorful.cn/en/home/product?mid=102&id=25a63c82-75ef-47f4-b10a-b5c6270bb096'),
('colorful', 'GPU', 'IGAME GEFORCE RTX 5070 ULTRA W OC 12GB-V', '6937232400473 ', '', 'ACTIVE', 'https://en.colorful.cn/en/home/product?mid=102&id=29650831-6094-41cc-8ab5-5fd6c8f6a32c'),
('colorful', 'GPU', 'IGAME GEFORCE RTX 5070 VULCAN OC 12GB-V', '6937232400459 ', '', 'ACTIVE', 'https://en.colorful.cn/en/home/product?mid=102&id=b6282939-0619-4587-b289-8c5b98959b57'),
('colorful', 'GPU', 'COLORFUL GEFORCE RTX 5070 TI BATTLE AX 16GB-V', '6937232401869 ', '', 'ACTIVE', 'https://en.colorful.cn/en/home/Product?id=049d5702-6c7c-469d-852b-67c876641dc9&mid=102'),
('colorful', 'GPU', 'IGAME GEFORCE RTX 5070 TI VULCAN OC 16GB-V', '6937232400428 ', '', 'ACTIVE', 'https://en.colorful.cn/en/home/product?mid=102&id=1afd8b24-dda3-4a7e-bac7-a225ae0f2577'),
('colorful', 'GPU', 'IGAME GEFORCE RTX 5080 ULTRA W OC 16GB-V', '6937232400336 ', '', 'ACTIVE', 'https://en.colorful.cn/en/home/product?mid=102&id=73c6fb0e-961c-4354-8bfa-31eb0dd89603'),
('colorful', 'GPU', 'IGAME GEFORCE RTX 5080 ADVANCED OC 16GB-V', '6937232400329 ', '', 'ACTIVE', 'https://en.colorful.cn/en/home/product?mid=102&id=e335cd64-c358-47d9-a4a6-adc5e1c4ed47'),
('colorful', 'GPU', 'IGAME GEFORCE RTX 5080 VULCAN OC 16GB-V', '6937232400305 ', '', 'ACTIVE', 'https://en.colorful.cn/en/home/Product?id=402c6898-8b47-4489-bbf9-e498fcd186ed&mid=102'),
('colorful', 'GPU', 'IGAME GEFORCE RTX 5080 VULCAN W OC 16GB-V (4XFANS)', '6937232400664 ', '', 'ACTIVE', 'https://en.colorful.cn/en/home/product?mid=102&id=8b2dc00b-a0f3-48dd-bfe5-d677f2d0cec6'),
('colorful', 'MAINBOARD', 'COLORFUL BATTLE-AX B860M-GHA WIFI V20 (DDR5)', '6937232400206 ', '', 'ACTIVE', 'https://en.colorful.cn/en/home/product?mid=84&id=921a64bd-4296-4dbc-aede-6d3953b3279a'),
('colorful', 'MAINBOARD', 'COLORFUL CVN B860I GAMING FROZEN V20 (DDR5)', '6937232400114 ', '', 'ACTIVE', 'https://en.colorful.cn/en/home/product?mid=84&id=7620b70c-a121-4df3-b3e7-f7357607ec0d'),
('colorful', 'MAINBOARD', 'COLORFUL CVN B860M GAMING FROZEN V20 (DDR5)', '6937232400084 ', '', 'ACTIVE', 'https://en.colorful.cn/en/home/product?mid=84&id=5f29deca-e166-43ad-913f-512e2e68a167'),
('colorful', 'MAINBOARD', 'IGAME Z890 ULTRA V20', '6970417599340 ', '', 'ACTIVE', 'https://en.colorful.cn/en/home/product?mid=84&id=938a999d-72a6-4b09-8c94-65444e9276ff'),
('colorful', 'MAINBOARD', 'IGAME Z890 VULCAN W V20', '6970417593591 ', '', 'ACTIVE', 'https://en.colorful.cn/en/home/product?mid=84&id=7bde5adc-e2bf-4c98-9f96-7cf9e5888567'),
('colorful', 'NoteBook', 'Rimbook L1 - CA30016512C-G-F1AF', '6978261851577 ', '', 'ACTIVE', 'https://en.colorful.cn/en/home/product?mid=158&id=55297b53-7abf-4499-a2cc-bb6ca318e10a'),
('colorful', 'NoteBook', 'Rimbook L1 - CE50016512C-G-F1AF', '6978261850600 ', '', 'ACTIVE', 'https://en.colorful.cn/en/home/product?mid=158&id=55297b53-7abf-4499-a2cc-bb6ca318e10a'),
('colorful', 'RAM', 'COLORFUL BATTLE-AX DDR4 3200MHZ 8G', '6971043071040 ', '', 'ACTIVE', 'https://en.colorful.cn/en/home/product?mid=143&id=22'),
('colorful', 'RAM', 'COLORFUL BATTLE-AX DDR4 3200MHZ 16G', '6971043078667 ', '', 'ACTIVE', ''),
('colorful', 'RAM', 'COLORFUL BATTLE-AX DDR5 6000MHZ 16G', '6971043079602 ', '', 'ACTIVE', ''),
('colorful', 'SSD', 'COLORFUL CN600', 'CN600-512GB', '', 'ACTIVE', 'https://test.colorful.cn/en/home/product?mid=122&id=74'),
('ACER', 'SSD', 'ACER FA100 - 256GB', 'BL.9BWWA.118', '256GB, 512GB, 1TB', 'ACTIVE', 'https://www.acerstorage.com/products/pcie-m2-ssd/acer-ssd-fa100/'),
('ACER', 'RAM', 'ACER HT200 - 32GB (16*2) DDR5 6000', 'BL.9BWWA.484', '', 'ACTIVE', 'https://www.acerstorage.com/products/dram-module/acer-ht200-ddr5/'),
('ACER', 'RAM', 'ACER UD100 - 8GB DDR4 2666', 'BL.9BWWA.221', '8GB DDR4 2666  ||  8GB DDR4 2666  ||   16GB DDR4 3200 ||   32GB DDR4 3200', 'ACTIVE', 'https://www.acerstorage.com/products/dram-module/acer-dram-ud100/'),
('ACER', 'FLASH', 'ACER UM310 ', 'BL.9BWWA.583', 'Having 256 GB , 512 GB, 1TB', 'ACTIVE', 'https://www.acerstorage.com/products/usb-flash-drive/acer-um310/'),
('ACER', 'FLASH', 'ACER UP300 - 32GB', 'BL.9BWWA.525', 'Having 32GB , 64GB, 128GB , 512GB', 'ACTIVE', 'https://www.acerstorage.com/products/usb-flash-drive/acer-up300/'),
('ACER', 'FLASH', 'ACER UF300 ', 'BL.9BWWA.517', 'Having 32GB , 64GB', 'ACTIVE', 'https://www.acerstorage.com/products/usb-flash-drive/acer-uf300/'),
('ACER', 'FLASH', 'ACER UT300 - 64GB', 'BL.9BWWA.589', 'Having 64Gb ,128GB , 256Gb', 'ACTIVE', 'http://acerstorage.com/products/usb-flash-drive/acer-ut300-usb-flash-drive/'),
('PREDATOR', 'SSD', 'PREDATOR GM7000  NVME PCIe GEN 4X4 W/HEATSINK', 'BL.9BWWR.104', 'Having 1TB, 2TB, 4TB, 512GB', 'ACTIVE', 'https://www.predatorstorage.com/products/pcie-m-2-ssd/gm7000-heatsink-ssd/'),
('PREDATOR', 'RAM', 'PREDATOR HERA RGB - 192GB	6000 (48GB*4) CL28-36-36-102 GOLD ', 'BL.9BWWR.665', '', 'ACTIVE', 'https://www.predatorstorage.com/products/rgb-dram/predator-hera-gold-edition-192-gb-memory-kit/'),
('PREDATOR', 'RAM', 'PREDATOR HERA RGB - 48GB	8200 (24GB*2) CL40-50-50-126 ', 'BL.9BWWR.599', '', 'ACTIVE', 'https://www.predatorstorage.com/products/rgb-dram/predator-hera-ddr5-rgb-memory/'),
('PREDATOR', 'RAM', 'PREDATOR HERA RGB - 96GB	6000 (48GB*2) CL 28-36-36-72 (BLACK)', 'BL.9BWWR.682', '', 'ACTIVE', 'https://www.predatorstorage.com/products/rgb-dram/predator-hera-ddr5-rgb-memory/'),
('PREDATOR', 'RAM', 'PREDATOR HERMES RGB- 32GB	6000-1R8 - 16GB*2PCS CL 28-35-35-72', 'BL.9BWWR.635', '', 'ACTIVE', 'https://www.predatorstorage.com/products/rgb-dram/predator-hees-8000-mhz-rgb-ram-ddr5/'),
('PREDATOR', 'RAM', 'PREDATOR HERMES RGB- 32GB', 'BL.9BWWR.391', '6400 CL32-39-39-102 (16GB*2) || 	6600 CL34-40-40-105 (16GB*2)  || 6800 CL32-45-45-108 (16GB*2)  ||  	7200 CL34-45-45-115 (16GB*2) ||  ', 'ACTIVE', 'https://www.predatorstorage.com/products/rgb-dram/predator-hees-8000-mhz-rgb-ram-ddr5/'),
('PREDATOR', 'RAM', 'PREDATOR HERMES RGB- 64GB	6400 CL 32-39-39-102 (32GB*2)', 'BL.9BWWR.425', '', 'ACTIVE', 'https://www.predatorstorage.com/products/rgb-dram/predator-hees-8000-mhz-rgb-ram-ddr5/'),
('PREDATOR', 'RAM', 'PREDATOR VESTA II RGB - 32GB', 'BL.9BWWR.652', '6000 CL36-45-45-96 (16GB*2)  ||  6000 CL30-38-38-76 (16GB*2) BLACK', 'ACTIVE', 'https://www.predatorstorage.com/products/rgb-dram/predator-vesta-ii-7200-mhz-rgb-ram-ddr5/'),
('PREDATOR', 'RAM', 'PREDATOR VESTA II RGB - 64GB	6000 CL32-39-39-102 (32GB*2) ', 'BL.9BWWR.373', '', 'ACTIVE', 'https://www.predatorstorage.com/products/rgb-dram/predator-vesta-ii-7200-mhz-rgb-ram-ddr5/'),
('PREDATOR', 'RAM', 'PREDATOR VESTA II -64GB	6000 DDR5 (32GB*2) RGB CL 30-38-38-76 (SILVER)', 'BL.9BWWR.371', '', 'ACTIVE', 'https://www.predatorstorage.com/products/rgb-dram/predator-vesta-ii-7200-mhz-rgb-ram-ddr5/'),
('AIWA', 'MONITOR', 'AIWA MF2208-A 21.45 VA 100HZ FHD MONITOR', 'MF2208-A', 'Screen Size: 21.45 Compact Business Display\n\nRefresh Rate: 100Hz for smooth office workflows\n\nPanel: VA Panel with 1920x1080 Resolution\n\nConnectivity: HDMI + VGA Ports\n\nMounting: VESA 75x75 Support', 'ACTIVE', ''),
('AIWA', 'MONITOR', 'AIWA MF2408-A 23.8 IPS 120HZ FHD MONITOR', 'MF2408-A', 'Screen Size: 23.8 Standard Professional Display\n\nRefresh Rate: High Speed 120Hz\n\nPanel: IPS Panel for superior color accuracy\n\nConnectivity: HDMI + VGA Ports\n\nMounting: VESA 75x75 Support', 'ACTIVE', ''),
('AIWA', 'MONITOR', 'AIWA MF2508-A 24.5 IPS 100HZ FHD MONITOR', 'MF2508-A', 'Display Size: 24.5 inch\n\nRefresh Rate: 100Hz\n\nPanel Type: IPS Panel\n\nResolution: 1920 x 1080 (Full HD)\n\nResponse Time: 1ms\n\nConnectivity: HDMI + VGA\n\nVESA Mount: 75 x 75 mm\n\nWarranty: 3 Years\n\nAccessories: HDMI Cable, Adaptor, Power Cable', 'ACTIVE', ''),
('AIWA', 'MONITOR', 'AIWA MF2708-A 27 IPS 120HZ FHD MONITOR', 'MF2708-A', 'Screen Size: 27 Large Productivity Screen\n\nResolution: 2K QHD (2560 x 1440) for massive workspace\n\nRefresh Rate: 100Hz\n\nConnectivity: HDMI + DP + Earphone Jack\n\nMounting: VESA 100x100 Support', 'ACTIVE', ''),
('AIWA', 'MONITOR', 'AIWA MQ270A-B 27 IPS 100HZ WQHD MONITOR', 'MQ270A-B', 'Display Size: 27 inch\n\nRefresh Rate: 100Hz\n\nPanel Type: IPS Panel\n\nResolution: 2560 x 1440 (2K QHD)\n\nResponse Time: 1ms\n\nConnectivity: HDMI + DP + Earphone\n\nVESA Mount: 100 x 100 mm\n\nWarranty: 3 Years\n\nAccessories: DP, Adaptor, Power Cable', 'ACTIVE', ''),
('AIWA', 'MONITOR', 'AIWA MD2425-V 23.8 IPS 180HZ FHD GAMING', 'MD2425-V', 'Display Size: 23.8 inch\n\nRefresh Rate: 180Hz (Ultra-Smooth Gaming)\n\nPanel Type: IPS Panel\n\nResolution: 1920 x 1080 (Full HD)\n\nResponse Time: 1ms\n\nConnectivity: HDMI + DP + USB + Earphone Jack\n\nVESA Mount: 75 x 75 mm\n\nWarranty: 3 Years\n\nAccessories: DP Cable, Adaptor, Power Cable', 'ACTIVE', ''),
('AIWA', 'MONITOR', 'AIWA MD2725-V 27 IPS 180HZ FHD GAMING', 'MD2725-V', 'Display Size: 27 inch\n\nRefresh Rate: 200Hz (Ultra-Smooth Gaming)\n\nPanel Type: IPS Panel\n\nResolution: 1920 x 1080 (Full HD)\n\nResponse Time: 1ms\n\nConnectivity: HDMI + DP + USB + Earphone Jack\n\nVESA Mount: 75 x 75 mm\n\nWarranty: 3 Years\n\nAccessories: DP Cable, Adaptor, Power Cable', 'ACTIVE', ''),
('AIWA', 'MONITOR', 'AIWA MZ2707-V 27 IPS 240HZ WQHD GAMING', 'MZ2707-V', 'Display Size: 27 inch\n\nRefresh Rate: 240Hz Extreme Refresh Rate\n\nPanel Type: IPS Panel\n\nResolution: 2560 x 1440 (2K QHD)\n\nResponse Time: 1ms\n\nConnectivity: 2 x HDMI + 2 x DP + Earphone Jack\n\nVESA Mount: 75 x 75 mm\n\nWarranty: 3 Years\n\nAccessories: DP Cable, Adaptor, Power Cable', 'ACTIVE', ''),
('LIAN LI', 'CASING', 'LIAN LI PC-O11 DYNAMIC MINI V2 ', 'G99.O11DMIV2X.00', '', 'ACTIVE', 'https://lian-li.com/product/o11-dynamic-mini-v2/'),
('LIAN LI', 'CASING', 'LIAN LI PC-O11 DYNAMIC MINI V2 FLOW ', 'G99.O11DMIV2FX.00', '', 'ACTIVE', 'https://lian-li.com/product/o11-dynamic-mini-v2/'),
('LIAN LI', 'CASING', 'LIAN LI VECTOR V100R ', 'G99.V100RX.00', '', 'ACTIVE', 'https://lian-li.com/product/vector-v100/'),
('LIAN LI', 'CASING', 'LIAN LI A3-MATX CASE ', 'A3X', '', 'ACTIVE', 'https://lian-li.com/product/a3-matx/'),
('LIAN LI', 'ACC', 'LIAN LI DK07X BLACK MOTORIZED DESK', 'G99.DK07X.10UK', '', 'ACTIVE', 'https://lian-li.com/product/dk07/'),
('LIAN LI', 'CASING', 'LIAN LI LANCOOL 217 INF ', 'G99.LAN217INFX.00', '', 'ACTIVE', 'https://lian-li.com/product/lancool-217-inf/'),
('LIAN LI', 'CASING', 'LIAN LI LANCOOL 217 ', 'G99.LAN217X.00', '', 'ACTIVE', 'https://lian-li.com/product/lancool-217/'),
('LIAN LI', 'CASING', 'LIAN LI LANCOOL 207 ', 'G99.LAN207RW.00', '', 'ACTIVE', 'https://lian-li.com/product/lancool-207/'),
('LIAN LI', 'CASING', 'LIAN LI PC-O11 DYNAMIC EVO RGB LAMBORGHINI EDITION (O11DERGBL)', 'PC-O11DERGBL', '', 'ACTIVE', 'https://lian-li.com/product/o11dergbl/'),
('LIAN LI', 'CASING', 'LIAN LI PC-O11 DYNAMIC EVO RGB BLACK (PC-O11DERGBX)', 'PC-O11DERGBX', '', 'ACTIVE', 'https://lian-li.com/product/o11d-evo-rgb/'),
('LIAN LI', 'CASING', 'LIAN LI SUP01X BLACK', 'SUP01X', '', 'ACTIVE', 'https://lian-li.com/product/sup-01/'),
('LIAN LI', 'AIO', 'LIAN LI HYDROSHIFT 2 LCD-C 360TL ', 'G89.GHS2LCD36TB.00', '', 'ACTIVE', 'https://lian-li.com/product/hydroshift-ii/'),
('LIAN LI', 'AIO', 'LIAN LI HYDROSHIFT 2 LCD-C 360N ', 'G89.GHS2LCD36B.00', '', 'ACTIVE', 'https://lian-li.com/product/hydroshift-ii/'),
('LIAN LI', 'STRIMER', 'LIAN LI STRIMER PLUS WIRELESS 24 PIN (PW24-1W-T) CONTROLLER INCLUDED', 'PW24-1W-T', '', 'ACTIVE', 'https://lian-li.com/product/strimer-wireless/'),
('LIAN LI', 'FAN', 'LIAN LI UNI FAN SL WIRELESS 120MM 1X FAN ', '12SL1W1B', '', 'ACTIVE', 'https://lian-li.com/product/uni-fan-sl-wireless/'),
('LIAN LI', 'FAN', 'LIAN LI UNI FAN SL WIRELESS REVERSE BLADE 120MM 1X FAN ', '12RSL1W1B', '', 'ACTIVE', 'https://lian-li.com/product/uni-fan-sl-wireless/'),
('LIAN LI', 'FAN', 'LIAN LI UNI FAN SL WIRELESS 120MM 3X FAN ', '12SL1W3B', '', 'ACTIVE', 'https://lian-li.com/product/uni-fan-sl-wireless/'),
('LIAN LI', 'FAN', 'LIAN LI UNI FAN SL WIRELESS LCD 120MM 1X FAN ', '12SLLCD1W1B', '', 'ACTIVE', 'https://lian-li.com/product/uni-fan-sl-wireless/'),
('LIAN LI', 'FAN', 'LIAN LI UNI FAN SL WIRELESS LCD REVERSE BLADE120MM 1X FAN ', '12RSLLCD1W1B', '', 'ACTIVE', 'https://lian-li.com/product/uni-fan-sl-wireless/'),
('LIAN LI', 'FAN', 'LIAN LI UNI FAN SL WIRELESS LCD 120MM 3X FAN', '12SLLCD1W3W', '', 'ACTIVE', 'https://lian-li.com/product/uni-fan-sl-wireless/'),
('LIAN LI', 'ACC', 'LIAN LI O11 DYNAMIC EVO VERTICAL GPU KIT PCI-E 4.0 BLACK (O11DE-1X)', 'O11DE-1X', '900mm long PCI-e 4.0 X16 riser cable\nSupport transfer rates of 16GT/s bit rate\nProvide double the bandwidth of PCIe 3.0', 'ACTIVE', 'https://lian-li.com/product/o11d-1-vertical-gpu-bracket-kit-pci-e-4-0/'),
('LIAN LI', 'ACC', 'LIAN LI VERTICAL GPU KIT PCIE 3.0 - LANCOOL II', 'LANCOOL-II-1X', '', 'ACTIVE', 'https://lian-li.com/product/o11dxl-1-vertical-gpu-bracket-kit/'),
('LIAN LI', 'ACC', 'LIAN LI GB002 GPU ANTI-SAG BRACKET (GB-002X)', 'GB-002X', '', 'ACTIVE', ''),
('LIAN LI', 'PSU', 'LIAN LI RB650B 650W 80 PLUS BRONZE ATX3.1', 'G9P.RB0650B.B000.UK', '', 'ACTIVE', ''),
('LIAN LI', 'PSU', 'LIAN LI EDGE EG750 BLACK 80 PLUS GOLD - ATX 3.1', 'G9P.EG0750G.B000.UK', '', 'ACTIVE', 'https://lian-li.com/product/edge-gold/'),
('LIAN LI', 'PSU', 'LIAN LI EDGE EG850  80 PLUS GOLD - ATX 3.1', 'G9P.EG0850G.B000.UK', '', 'ACTIVE', 'https://lian-li.com/product/edge-gold/'),
('LIAN LI', 'PSU', 'LIAN LI EDGE EG1000 80 PLUS GOLD - ATX 3.1', 'G9P.EG1000G.B000.UK', '', 'ACTIVE', 'https://lian-li.com/product/edge-gold/'),
('LIAN LI', 'PSU', 'LIAN LI EDGE EG1200 80 PLUS GOLD - ATX 3.1', 'G9P.EG1200G.B000.UK', '', 'ACTIVE', 'https://lian-li.com/product/edge-gold/'),
('LIAN LI', 'PSU', 'LIAN LI EDGE PSU USB & FAN HUB ', 'G8P.EG-HUB01B.00', '', 'ACTIVE', 'https://lian-li.com/product/edge_hub/'),
('LIAN LI', 'PSU', 'LIAN LI RS1000G FULL MODULAR 80 PLUS GOLD PSU ', 'G9P.RS1000G.BH00.UK', '', 'ACTIVE', 'https://lian-li.com/product/rs/'),
('LIAN LI', 'PSU', 'LIAN LI RS1200G FULL MODULAR 80 PLUS GOLD PSU ', 'G9P.RS1200G.BH00.UK', '', 'ACTIVE', 'https://lian-li.com/product/rs/'),
('LIAN LI', 'PSU', 'LIAN LI SP750 V2 GOLD FULL MODULAR SFX ATX 3.1 BLACK', 'G89.SP0750G.B0OC.UK', '', 'ACTIVE', 'https://lian-li.com/product/sp-v2/'),
('LIAN LI', 'PSU', 'LIAN LI SP750 V2 GOLD FULL MODULAR SFX ATX 3.1 WHITE', 'G89.SP0750G.W0OC.UK', '', 'ACTIVE', 'https://lian-li.com/product/sp-v2/'),
('LIAN LI', 'PSU', 'LIAN LI SP850 V2 GOLD FULL MODULAR SFX ATX 3.1 BLACK', 'G89.SP850G.B0OC.UK', '', 'ACTIVE', 'https://lian-li.com/product/sp-v2/'),
('LIAN LI', 'PSU', 'LIAN LI SP850 V2 GOLD FULL MODULAR SFX ATX 3.1 WHITE', 'G89.SP0850G.W0OC.UK', '', 'ACTIVE', 'https://lian-li.com/product/sp-v2/'),
('HAVN', 'CASING', 'HAVN HS420 BOTTOM FAN BRACKET ', 'HVN-AS-HS420-05-BFB', '', 'ACTIVE', 'https://havn.global/products/hs-420-bottom-fan-bracket?srsltid=AfmBOopNQzGgYiSDxC2veJ6HFhT_sU37qUpOo1wv3sXVDjoLvxEhK2IK'),
('HAVN', 'CASING', 'HAVN HS 420 MID TOWER CASE BLACK (HS420-08) VGPU', 'HS420VGPU-BK', '', 'ACTIVE', 'https://havn.global/products/hs-420-vgpu?variant=41876474495113'),
('HAVN', 'CASING', 'HAVN BF 360 FLOW  BF360-03', 'HVN-CA-BF360-03', '', 'ACTIVE', 'https://havn.global/products/bf-360-flow?srsltid=AfmBOoqei9ZvK1ROJzD4L9L1ta_b7WGBDnuxO92oIlXZFYfS9nC_rjyu&variant=56269558972800'),
('APNX', 'CASING', 'V2-BK-V1 APNX V2 3GLASS ', 'V2-BK', 'FP3-140 ARGB PWM FANX4', 'ACTIVE', 'https://www.apnx.com/product/v2/'),
('APNX', 'CASING', 'APNX V1-BW-V1 GLASS EDITION ', 'V1-BW-v1', '', 'ACTIVE', 'https://www.apnx.com/product/v1/'),
('APNX', 'FAN', 'APNX AP1-V ARGB ', 'AP1-V ARGB BK', 'ARGB LED-5 PIPE HYRDO BEARING FAN (PF30517.11)', 'ACTIVE', 'https://www.apnx.com/product/ap1-v/'),
('APNX', 'FAN', 'APNX FP2-120 PWM ARGB BK 120MM FAN (PF11317.11)', 'FP2-120 PWM ARGB BK', '', 'ACTIVE', 'https://www.apnx.com/product/fp2/'),
('SEGOTEP', 'AIO', 'SEGOTEP BEZER 240 ARGB', 'SG-BEZER240ARGB-W', 'LGA 151x/1200/1700\nAM4\nNO ARGB CONTROLLER\n(2 YEARS WARRANTY)', 'ACTIVE', ''),
('SEGOTEP', 'AIO', 'SEGOTEP BEZER 360 ARGB', 'SG-BEZER360ARGB-W', 'LGA 151x/1200/1700\nAM4\nNO ARGB CONTROLLER\n(2 YEARS WARRANTY)', 'ACTIVE', ''),
('SEGOTEP', 'AIO', 'SEGOTEP BEICED 240 ARGB', 'SG-BEICED240ARGB-W', 'LGA 151x/1200/1700\nAM4\nWITH ARGB CONTROLLER\n(2 YEARS WARRANTY)  ||  WHITE FOR SLATH MINI', 'ACTIVE', ''),
('SEGOTEP', 'AIO', 'SEGOTEP BEICED 360 ARGB', 'SG-BEICED360ARGB-W', 'LGA 151x/1200/1700\nAM4\nWITH ARGB CONTROLLER\n(2 YEARS WARRANTY)', 'ACTIVE', ''),
('SEGOTEP', 'CASING', 'SEGOTEP BRAVE W1 (RO12) ARGB MATX CASE ', '\nBRAVE W1\nBLACK', 'MATX/ITX\nTEMPERED GLASS FRONT & SIDE\n340MM X 276MM X 330MM GPU - 410MM / CPU - 158MM\n/ PSU 160MM\n3x RO12 ARGB FAN W HUB 240 AIO SUPPORT', 'ACTIVE', ''),
('SEGOTEP', 'CASING', 'SEGOTEP GANK 240-S GAMING CASE - BLACK', 'GANK240-S\nBLACK', 'MATX/ITX\nTEMPERED GLASS SIDE\nMESH PANEL FRONT\n492MM X 262MM X 468MM GPU 300 - 400MM / CPU - 165MM\n3x HB12 ARGB FAN W HUB 120/240 AIO SUPPORT', 'ACTIVE', ''),
('SEGOTEP', 'CASING', 'SEGOTEP ENDURA PRO+ ATX 3 ARGB FAN CASE ', 'ENDURA PRO+\nBLACK', 'E-ATX/ATX/MATX\nTEMPERED GLASS FRONT & SIDE\n436MM X 230MM X 456MM GPU - 420MM / CPU - 178MM\n3x HB12 ARGB FAN W HUB 240/360 AIO SUPPORT', 'ACTIVE', ''),
('SEGOTEP', 'CASING', 'SEGOTEP ENDURA 240S M-ATX 3 ARGB FAN CASE ', 'ENDURA 240S\nBLACK', 'MATX/ITX\nTEMPERED GLASS FRONT & SIDE\n360MM X 212MM X 438MM GPU - 345MM / CPU - 165MM\n3xHB12 ARGB FAN W HUB 120/240 AIO SUPPORT', 'ACTIVE', ''),
('SEGOTEP', 'CASING', 'SEGOTEP ALPHA ARGB MATX CASE  WITH HUB', 'ALPHA\nBLACK', 'MATX/ITX\nTEMPERED GLASS SIDE\n360MM X 210MM X 405MM GPU - 330MM / CPU - 160MM\n4x12RO ARGB FAN W HUB 120/240 AIO SUPPORT', 'ACTIVE', ''),
('SEGOTEP', 'CASING', 'SEGOTEP SME AI SERVER CASE AERIS WS1 ULTRA', 'SG-WS1', '', 'ACTIVE', ''),
('SEGOTEP', 'CASING', 'SEGOTEP SME AI SERVER CASE AERIS CS1', 'SG-CS1', '', 'ACTIVE', ''),
('MARVO', 'KEYBOARD', 'MARVO GAMING COMBO CM416 EN LOOT40 WIRED 4 IN 1 BLACK', 'MK-CM416-BK', '', 'ACTIVE', ''),
('MARVO', 'KEYBOARD', 'MARVO KEYBOARD MECHANICAL KG933G SABER 61 EN WIRED RGB', 'KG933G\n', '', 'ACTIVE', ''),
('MARVO', 'KEYBOARD', 'MARVO KEYBOARD MECHANICAL KG917', 'KG917', '20 lighting schemes,\nRainbow colors light;\nKeys: 114, Anti-ghosting;\nOutemu Blue Switch,\nVolume control button', 'ACTIVE', ''),
('MARVO', 'KEYBOARD', 'MARVO GAMING KEYBOARD MOUSE KM409', 'KM409', 'Rainbow colors light;\nKeys: 114, Anti-ghosting: \n19 keys roll over support;\nDPI: 800-1200-1600-2400			\n			\n			\n			\n			\n			\n			\n			\n			', 'ACTIVE', ''),
('MARVO', 'KEYBOARD', 'MARVO COMBO CM372 3 IN 1', 'CM372', '3 IN 1 MECHANICAL KEYBOARD AND MOUSE COMBO \n\n104 Keys Blue Switches Wired USB Keyboards \nwith Gaming Mouse Pad, \n6400 DPI Programmable Mouse with 7 Buttons			\n			\n			\n			\n			\n			\n			\n			\n			', 'ACTIVE', ''),
('MARVO', 'MOUSE', 'MARVO GAMING WIRED MOUSE M291', 'M291', 'Wired RGB Gaming Mouse\n6 programmable buttons to gain a competitive edge\n6 color backlights to create gaming ambience\n4 adjustable DPI levels to meet your needs\nErgonomic design for great hand-feeling & stress-free use			\n			\n			\n			\n			\n			\n			', 'ACTIVE', ''),
('MARVO', 'MOUSE', 'MARVO GAMING MOUSE WIRED M399', 'M399', '6D wired gaming mouse (honeycomb)\nDPI: 800-1600-2400-3200-4800-6400\nPolling Report: 125HZ\nRGB backlight with 7 modes\nCable length: 1.5m \nSwitch Life?3 million times\nWith software(programmable)			\n			\n			\n			\n			\n			\n			', 'ACTIVE', ''),
('MARVO', 'MOUSE', 'MARVO GAMING MOUSE RGB G985 (SUNSPOT G1)', 'G985', '[G985] SunSpot G1\nThe world?s first hollow-carved base gaming mouse\nUnique hollow-carved design weighing in at just 90g\n16 million color LED with 10 different backlight modes\nPixart 3325 gaming grade optical sensor, true 1:1 tracking\nAdjustable up to 10000 DPI with 2 extra buttons\n20 million presses that remain accurate and true \n			\n			\n			\n			\n			\n			\n			', 'ACTIVE', ''),
('MARVO', 'HEADSET', 'MARVO MH-01BK 2 IN 1 GAMING MOUSE & HEADSET', 'MH-01BK', '2 IN 1 HONEY COMB COMBO\nButtons : 6\nBacklight: RGB (MULTIPLE EFFECT)\nUltra Lightweight Mouse - 75 grams			\n			\n			\n			\n			\n			\n			', 'ACTIVE', ''),
('MARVO', 'HEADSET', 'MARVO HEADSET STAND RGB WITH USB 2.0 HZ-04', 'HZ-04', 'Headset holder \nRGB lighting with a lighting control button \nUSB powered with 1m cable \nwith  USB2.0*3 and audio port\nproduct size 130*130*260mm			\n			\n			\n			\n			\n			\n			', 'ACTIVE', ''),
('MARVO', 'HEADSET', 'MARVO HEADSET STAND HH-02', 'HH-02', 'Headset Stand 			\nSize : 140 x 150 x 260 mm			\n			\nWeight : 243g			', 'ACTIVE', ''),
('MARVO', 'HEADSET', 'MARVO WIRELESS HEADSET HG9089W', 'HG9089W', 'light-weight wireless gaming headset\n2.4G & BT wireless gaming headset\nSpeaker size with 40mm, help you hear clearly in the game\n900mah battery with low power consumption \nFitable with PC, mobile phone(with OTG)/PS3/4/5 and Xbox one  			\n			\n			\n			\n			\n			\n			', 'ACTIVE', ''),
('MARVO', 'HEADSET', 'MARVO HG9015G 7.1 RGB GAMING HEADSET', 'HG9015G', 'Sound: 7.1 surround (virtual)\nMicrophone type: omnidirectional\nMicrophone size: 6 x 5 mm\nBacklight: RGB\nConnectors: USB\nCable length: 2.2 m			\n			\n			\n			\n			\n			\n			', 'ACTIVE', ''),
('MOTOSPEED', 'MOUSE', 'MOTOSPEED WIRELESS GAMING MOUSE X6 ', 'X6-BK', ' X6 Wireless Gaming Mouse,\nTwo-Mode 8K/USB-C \nConnectivity Technology Bluetooth\nSpecial Feature Wireless\nMovement Detection \nTechnology Optical \nMouse Up to 26000DPI,\nPAW3395 Optical Sensor \nLightweight 46g,\n5 programmable Button,\n500MAh Battery Life,\nComputer Mouse for \nLaptop,PC,Mac	\n	', 'ACTIVE', ''),
('MOTOSPEED', 'MOUSE', 'MOTOSPEED WIRELESS GAMING MOUSE X6 MAX ', 'X6-BK MAX', ' X6 MAX Wireless Gaming Mouse,\nTwo-Mode 8K/USB-C \nConnectivity Technology Bluetooth\nSpecial Feature Wireless\nMovement Detection \nTechnology Optical \nMouse Up to 30000DPI,\nPAW3950 Optical Sensor \nLightweight 43g,\n5 programmable Button,\n300MAh Battery Life,\nComputer Mouse for \nLaptop,PC,Mac	\n	', 'ACTIVE', ''),
('MOTOSPEED', 'MOUSE', 'MOTOSPEED MOUSE PAD P50', 'P50', 'P50  GAMING MOUSE PAD \n? High quality anti-fraying fabric,with textured surface for better control\n? Matte surface eliminates reflections improving consistency and accuracy\n? Suitable for both optical and laser technologies\n? Optimal for fast,comfortable gaming\n? Super-dense mouse mat to optimize mouse response to quick movement\n? Anti-slip rubber mat grips well on any surface\nSize: Small 250mm	', 'ACTIVE', ''),
('MOTOSPEED', 'MOUSE', 'MOTOSPEED MOUSE PAD P60 COLOR BOX', 'P60\n', 'P60  GAMING MOUSE PAD \n? High quality anti-fraying fabric,with textured surface for better control\n? Matte surface eliminates reflections improving consistency and accuracy\n? Suitable for both optical and laser technologies\n? Optimal for fast,comfortable gaming\n? Super-dense mouse mat to optimize mouse response to quick movement\n? Anti-slip rubber mat grips well on any surface\nSize:800x305x3.5mm	', 'ACTIVE', ''),
('MOTOSPEED', 'MOUSE', 'MOTOSPEED MOUSE PAD P60 PRO COLOR BOX', 'P60PRO', 'P60PRO  GAMING MOUSE PAD \n? High quality anti-fraying fabric,with textured surface for better control\n? Matte surface eliminates reflections improving consistency and accuracy\n? Suitable for both optical and laser technologies\n? Optimal for fast,comfortable gaming\n? Super-dense mouse mat to optimize mouse response to quick movement\n? Anti-slip rubber mat grips well on any surface\nSize:800x305x3.5mm	', 'ACTIVE', ''),
('MOTOSPEED', 'MOUSE', 'MOTOSPEED MOUSE PAD P70 PRO COLOR BOX', 'P70PRO', 'P70PRO GAMING MOUSE PAD\n? High quality anti-fraying fabric,with textured surface for better control\n? Matte surface eliminates reflections improving consistency and accuracy\n? Suitable for both optical and laser technologies\n? Optimal for fast,comfortable gaming\n? Super-dense mouse mat to optimize mouse response to quick movement\n? Anti-slip rubber mat grips well on any surface\nSize:300x250x2.0mm', 'ACTIVE', ''),
('MOTOSPEED', 'KEYBOARD', 'MOTOSPEED WIRED MECHANICAL NUMBERIC KEYPAD RGB K24', 'K24-BL', 'K24 Mechanical numeric keyPad\n\nSupport 13 kinds of stunning lighting special effects\nHigh-perfoance A COTEX-M0 core single chip microcomputer design\nUsing two-color keycap technology\nMechanical switch, high key cap ladder design\nProduct size: 132x 86x 42mmBody\nweight: 249 ? 10g	\n	', 'ACTIVE', ''),
('MOTOSPEED', 'KEYBOARD', 'MOTOSPEED WIRED GAMING KEYBOARD', 'BK75-BL', 'BK75 RGB Wired/Bluetooth\nMechanical Keyboard\nProduct size (Dimension): 352.12mm(L)* 118.94mm(W)* 29.19mm(H)\nBody weight: 553?10G\nOperating life: 50,000,000times (times)\nType-C data cable length: 1.50M?1%, ?3.0mm, \nfive-core shielded wire with magnetic loop, \n(color can be according to customer requirements)\nComputer connection: dual-mode wired/Bluetooth\nErgonomics: Support\nBody color: black\nKeyboard type: short keycap design\nDomestic mechanical switch, durable, transparent cover, \nwide range of luminous diffusion\nNumber of word keys: 87 keys, using dual-color keycap technology\nThe factory default is wired mode, the current state will \nbe memorized after wired/Bluetooth switch	\n	', 'ACTIVE', ''),
('MOTOSPEED', 'KEYBOARD', 'MOTOSPEED WIRED GAMING KEYBOARD CK101-BLACK RED TKL', 'CK101-BKRD', 'CK101 WIRED GAMING KEYBOARD \nKey quantity: 87 keys\nColor: White/Black\nKeyboard material:ABS / Aluminium alloy\nKeyboard Switch Type: Blue Switch/Red Switch\nConnection method: Wired\nKeyboard Type: Gaming Mechanical Keyboard\nKeyboard Switch Brand: OUTEMU\nConnection: USB2.0\nKeyboard Lifespan ( times): 50 million\nResponse Speed: 0.1ms\nAnti-ghosting Number: All\nCable Length (m): 1.5 m\nProductweight: 0.619 kgPackage weight: 0.88 kg\nProduct size (L x W x H): 34.70 x 13.90 x 4.00 cm	\n	\n	', 'ACTIVE', ''),
('MOTOSPEED', 'KEYBOARD', 'MOTOSPEED WIRED GAMING KEYBOARD CK74 (OPTICAL SWITCH)', 'CK74', 'CK74 Monochrome Optical Axis Mechanical Keyboard\nProduct size (Dimension): 463.27mm(L)* 157.51mm(W)* 36.26mm(H)\nBody weight: 922? 20g with wire\nOperating life: 50,000,000times (times)\nCable length: total length 1.80M (exposed 1.60M), ?4.5mm, five-core shielded magnetic ring PVC sheathed wire\nWorking voltage: +5V?5%\nUse maximum current: 300mA\nConnection with computer: wired\nErgonomics: Support\nBody color: black\nKeyboard type: high keycap ladder design\nNumber of word keys: 104 keys, using dual-color keycap technology\nSupport full key without punch\nDomestic mechanical switch, durable, transparent cover, wide range of luminous diffusion\nHand rest with decorative RGB light	', 'ACTIVE', ''),
('MOTOSPEED', 'KEYBOARD', 'MOTOSPEED WIRED GAMING KEYBOARD K27-BLUE (ONE HAND)', 'K27-BL', 'K27 One Hand Game Backlight Keyboard\n? Support 5 kinds cool LED backlight\n\n? All mechanical switches, professional e-sports players standard equipment\n\n? Multimedia function key combination, work game balance\n\n? Free of EEPROM memory, adopt Flash memory chip\n\n? Quick WIN, avoid fighting game by accident and cut out the desktop\n\n? Dimension:211.42mm(L)* 147.99mm(W)* 41.16mm(H)\n\n? Weight:378?20g	\n	', 'ACTIVE', ''),
('MOTOSPEED', 'KEYBOARD', 'MOTOSPEED WIRELESS GAMING KEYBOARD SK62', 'SK62-WHBL', 'SK62 \n\nKey quantity: 61 keys\nKeyboard material: ABS\nKeyboard Switch Type: Blue Switch/Red Switch\nConnection method:Bluetooth /Wired/Wireless\nKeyboard Switch Brand: OUTEMU\nKeyboard Lifespan ( times): 50 million\nResponse Speed: 0.1ms\nAnti-ghosting Number: All\nDriver programming: supporting\nBattery Type:Li-ion battery ( built-in )\nBattery Capacity (mAh):1300mAh\nProduct weight: 490g?20\nPackage weight: 630?20g\nProduct size (L x W x H): 290x100 x40mm \nPackage size (L x W x H): 330 x 130 x 70mm 	\n	\n	\n	', 'ACTIVE', ''),
('MOTOSPEED', 'KEYBOARD', 'MOTOSPEED WIRELESS GAMING KEYBOARD SK84', 'SK84-BL', 'SK84 RGB Triple \nNumber of keys: 84 keys\nSwitch Type: Blue Switch/Red Switch\nConnection method: Wireless/Bluetooth/ired\nKeyboard Type: Gaming Mechanical Keyboard\nKeyboard switch brand: OUTEMU\nConnection: USB2.0\nBattery capacity: 2300 mAh\nAnti-ghosting: full key support\nBody weight: 660?20G\nProduct size: (320.5mm(L)* 130mm(W)* 43.5mm(H)\nSystem support: Windows /Android /Mac	', 'ACTIVE', ''),
('ASIAHORSE', 'CABLE', 'HYDRUS 8 PIN CPU A 30CM', 'HD-8-CPU-BK-A-30', '', 'ACTIVE', 'https://www.asiahorse.com.cn/products/asiahorse-hydrus-24pin-pc-psu-extension-cable-atx-24pin-motherboard-power-extension-cable-90-right-angle-design-2000w-power-supply-whole-set-pc-power-cord-perfect-for-cable-management-pc-diy?_pos=1&_psq=24pin&_ss=e&_v'),
('ASIAHORSE', 'CABLE', 'HYDRUS 8 PIN GPU  A 30CM (FORWARD)', 'HD-8-GPU-BK-A-30', '', 'ACTIVE', 'https://www.asiahorse.com.cn/products/asiahorse-hydrus-24pin-pc-psu-extension-cable-atx-24pin-motherboard-power-extension-cable-90-right-angle-design-2000w-power-supply-whole-set-pc-power-cord-perfect-for-cable-management-pc-diy?_pos=1&_psq=24pin&_ss=e&_v'),
('ASIAHORSE', 'CABLE', 'HYDRUS 8 PIN GPU BLACK B 30CM (REVERSE)', 'HD-8-GPU-BK-B-30', '', 'ACTIVE', 'https://www.asiahorse.com.cn/products/asiahorse-hydrus-24pin-pc-psu-extension-cable-atx-24pin-motherboard-power-extension-cable-90-right-angle-design-2000w-power-supply-whole-set-pc-power-cord-perfect-for-cable-management-pc-diy?_pos=1&_psq=24pin&_ss=e&_v'),
('ASIAHORSE', 'CABLE', 'HYDRUS 16 PIN  A 50CM (FORWARD)', 'HD-16-BK-A-50', '', 'ACTIVE', 'https://www.asiahorse.com.cn/products/asiahorse-hydrus-24pin-pc-psu-extension-cable-atx-24pin-motherboard-power-extension-cable-90-right-angle-design-2000w-power-supply-whole-set-pc-power-cord-perfect-for-cable-management-pc-diy?_pos=1&_psq=24pin&_ss=e&_v'),
('ASIAHORSE', 'CABLE', 'HYDRUS 16 PIN  B 50CM (REVERSE)', 'HD-16-BK-B-50', '', 'ACTIVE', 'https://www.asiahorse.com.cn/products/asiahorse-hydrus-24pin-pc-psu-extension-cable-atx-24pin-motherboard-power-extension-cable-90-right-angle-design-2000w-power-supply-whole-set-pc-power-cord-perfect-for-cable-management-pc-diy?_pos=1&_psq=24pin&_ss=e&_v'),
('ASIAHORSE', 'CABLE', '4KIT- 18 AWG', 'AC4AWH', '[24PIN*1+(6+2)PIN*2+(4+4)PIN*1]', 'ACTIVE', 'https://www.asiahorse.com.cn/products/asiahorse-18awg-psu-cable-extension-sleeved-custom-power-supply-braided-with-two-color-combs-kit-for-atx-cpu-gpu-modular-power-supply-unit-1x24p-1x8p-4-4-cpu-2x8-p6-2-gpu-30cm-11-8inch-white?_pos=2&_sid=9021449f8&_ss='),
('ASIAHORSE', 'CABLE', 'PCIE5.0(12+4) - 180? 12+4/3*8PIN*1\nWHITE - 16 AWG', 'AC1A5180WH', '', 'ACTIVE', 'https://www.asiahorse.com.cn/products/asiahorse-power-supply-sleeved-cable-16-awg-psu-extension-cable-kit-of-white-connector-1x24pin-2x4-4-eps-3x6-2-pci-e-30cm-length-with-combs?_pos=1&_sid=dafc1b857&_ss=r'),
('DARMOSHARK', 'MOUSE', 'DARMOSHARK WIRELESS GAMING MOUSE N3 ', 'N3-BK', '', 'ACTIVE', 'https://darmosharkgear.com/product/25.html'),
('DARMOSHARK', 'MOUSE', 'DARMOSHARK WIRELESS GAMING MOUSE M3 ', 'M3-BK', '', 'ACTIVE', 'https://darmosharkgear.com/product/24.html'),
('DARMOSHARK', 'MOUSE', 'DARMOSHARK WIRELESS GAMING MOUSE M3S RED/PINK/PURPLE/YELLOW', 'M3S-RDPKPUYL', '', 'ACTIVE', 'https://darmosharkgear.com/product/23.html'),
('DARMOSHARK', 'MOUSE', 'DARMOSHARK WIRELESS GAMING MOUSE M3 PRO', 'M3PRO-BKWH', '', 'ACTIVE', 'https://darmosharkgear.com/article_1/39.html'),
('DARMOSHARK', 'MOUSE', 'DARMOSHARK WIRED GAMING MOUSE N3 BLACK', 'N3-WIRED', 'N3 Wired Gaming Mouse\n\nWired connection method\nSensor: IC ZEUS6400\nDimensions: 120*66.20*40.04mm\nSwitch Type: Kailh\nSwitch durability: 80 million clicks\nDPI: 400/800/1600/3200/4800/6400 dpi', 'ACTIVE', ''),
('DARMOSHARK', 'MOUSE', 'DARMOSHARK WIRED GAMING MOUSE N1 ', 'N1-DARKGREY', '', 'ACTIVE', 'https://darmosharkgear.com/product/27.html'),
('DARMOSHARK', 'MOUSE', 'DARMOSHARK MOUSE PAD PAD-3', 'PAD-3BL', '', 'ACTIVE', 'https://www.darmosharkgear.com/product/57.html'),
('DARMOSHARK', 'KEYBOARD', 'DARMOSHARK WIRELESS K2 PRO KEYPAD 2 KEYS', 'K2-PRO\nWH', '\"?? Highlights :\nMini Macro Pad\nHot?swappable mechanical switches (TTC support)\nRGB backlighting with transparent keycaps\nThree?mode connectivity: wired USB?C, Bluetooth, 2.4?GHz\nCustom driver software for knob, buttons, and macros\nLightweight (~41?g) with included hand strap\nDimensions : 76,2 x 33 x 30.2 mm\"	\n	', 'ACTIVE', ''),
('DARMOSHARK', 'KEYBOARD', 'DARMOSHARK WIRELESS GAMING KEYBOARD K5 GREY TKL', 'K5-SV ', '\"Wireless and wired 2 in 1 Mechanical Keyboard\n1.Size: 365.84mm(L)* 118.84mm(W)* 41.04mm(H)\n2. Gateron G-Pro switch\n3.wireless and wired 2 in 1 dual mode\n4.Top case:  Aluminum cover \n   Bottom case: ABS black injeciton\n5. All keys Anti-gosting in wired mode\n   19keys Anti-gosting in 2.4G wireless mode\n6.Keycaps: 68keys PBT Spherical keycaps\n7. Hot swap switches\n8. with Micro USB cable\n9. Battery: 2300mA\"	', 'ACTIVE', ''),
('DARMOSHARK', 'KEYBOARD', 'DARMOSHARK WIRED GAMING KEYBOARD TOP98 (OPTICAL SWITCH) BLACK/WHITE', 'TOP98-BKWH', '', 'ACTIVE', 'https://www.darmosharkgear.com/product/30.html'),
('STREAMPLIFY', 'ACC', 'CAPTURE-4K30-BK', 'SPVC-CA12401.11', '', 'ACTIVE', 'https://www.streamplify.com/product/capture/capture-4k/'),
('STREAMPLIFY', 'CAMERA', 'CAM-FHD-2M60-BK / -FHD 1920x1080P-2M-60FPS-Black-V1', 'SPCW-CZFH221.11', '', 'ACTIVE', 'https://www.streamplify.com/product/webcam/cam/'),
('STREAMPLIFY', 'CAMERA', 'CAM PRO-4K-8M30-BK / -4K 3840x2160P-8M-30FPS-Black-V1', 'SPCW-CP4K811.11', '', 'ACTIVE', 'https://www.streamplify.com/product/webcam/cam-pro/'),
('STREAMPLIFY', 'MIC', 'MIC-48-RGB-TP-BK / -48KHz/16b-CONDENSER-TRIPOD-USB C-RGB-Black-V1', 'SPMC-MZ1C127.11', '', 'ACTIVE', 'https://www.streamplify.com/product/microphone/mic-tripod/'),
('STREAMPLIFY', 'MIC', 'MIC-48-RGB-MA-BK / -48KHz/16b-CONDENSER-MOUNTING ARM-USB C-RGB-Black-V1', 'SPMC-MZ1C227.11', '', 'ACTIVE', 'https://www.streamplify.com/product/microphone/mic-arm/'),
('STREAMPLIFY', 'MIC', 'MIC PRO-192-RGB-ST-BK / -192KHz/24b-CONDENSER-STAND-USB C-RGB-Black-V1', 'SPMC-MP3C327.11', '', 'ACTIVE', 'https://www.streamplify.com/product/microphone/mic-pro/'),
('STREAMPLIFY', 'MIC', 'MOUNT ARM-MIC-WH / MOUNT ARM FOR MIC/CAM/LIGHTS', 'SPOM-MA1MCL1.21', '', 'ACTIVE', 'https://www.streamplify.com/product/accessories/mount-arm/'),
('TOTOLINK', 'ROUTER', '300Mbps Wireless 4G LTE Router', 'LR350', '', 'ACTIVE', 'https://totolink.com.my/products/lr350/'),
('TOTOLINK', 'ADAPTER', 'Wireless AC600 MU-MIMO Dual Band + BLUETOOTH 4.2', 'A600UB', '', 'ACTIVE', 'https://totolink.com.my/products/a600ub/'),
('TOTOLINK', 'EXTENDER', 'Wireless AC1200 Dual Band Wi-Fi Range Extender', 'EX1200T', '', 'ACTIVE', 'https://totolink.com.my/products/ex1200t/'),
('TOTOLINK', 'SWITCH', '24-Port 10/100Mbps + 2-Port Gigabit Rackmount Switch', 'SW24G2', '', 'ACTIVE', 'https://totolink.com.my/products/sw24/'),
('X-FIVE', 'CASING', 'X-FIVE OFFICE ATX CASE W/PSU - BX-SE', 'BX-SE', 'ATX			\nL362*W185*H410mm			\n230W TRUE 500Watt Rated PSU 			\n 1 x USB 3.0 | 1xUSB 2.0 | HD AUDIO			\nBuilt-in 1 x 80mm Black Fan 			\nCPU: 140MM GPU: 310MM			\n7 X PCI SLOT			', 'ACTIVE', ''),
('X-FIVE', 'CASING', 'X-FIVE OFFICE MATX CASE W/PSU W3', 'W3', 'MATX/ITX			\nL320*W200*H350mm			\n230W TRUE 500Watt Rated PSU 			\n 1 x USB 3.0 | 1xUSB 2.0 | HD AUDIO			\nBuilt-in 1 x 120mm Black Fan 			\nCPU: 155MM GPU: 280MM			\n4 X PCI SLOT			', 'ACTIVE', ''),
('X-FIVE', 'CASING', 'X-FIVE OFFICE MATX CASE W/PSU BX-MINI3', 'BX-MINI3', 'MATX/ITX			\nL290*W186*H348mm			\n230W TRUE 500Watt Rated PSU 			\n 1 x USB 3.0 | 1xUSB 2.0 | HD AUDIO			\nBuilt-in 1 x 80mm Black Fan 			\nCPU: 143MM GPU: 250MM			\n4 X PCI SLOT			', 'ACTIVE', ''),
('X-FIVE', 'CASING', 'X-FIVE MATX CASE CX-M3 FLOW C/W 4X90MM FAN', 'CX-M3 FLOW', '', 'ACTIVE', ''),
('X-FIVE', 'CASING', 'X-FIVE MATX CASE CX-M2', 'CX-M2', '', 'ACTIVE', ''),
('X-FIVE', 'CASING', 'X-FIVE MATX CASE ELEGANT M8', 'CPCEMM8', '(D) 365 x (W) 99 x (H) 295 mm 			\n230W MICRO ATX PSU			\nMICRO ATX PSU: L100 x W125 x H 63 mm			\n2xUSB 2.0 | 2xUSB3.0 | 1x5.25\"ODD | 1X3.5\" HDD | 1x2.5\"SSD			\nBuilt-in 1x80mm casing  fan			\nM.ATX /Mini-ITX 			\n			', 'ACTIVE', ''),
('X-FIVE', 'CASING', 'X-FIVE MATX CASE M7', 'CPCEMM7', '', 'ACTIVE', ''),
('X-FIVE', 'CASING', 'X-FIVE MICRO ATX ELEGANT M5', 'CPCEM5', '', 'ACTIVE', ''),
('ZEAGINAL', 'CASING', 'ZEAGINAL ZC-03M ', 'ZC-03M-BKRD', '', 'ACTIVE', ''),
('ZEAGINAL', 'CASING', 'ZEAGINAL ZC-77M ', 'ZC-77M-BLACK', '', 'ACTIVE', ''),
('AOC', 'MOUSE', 'AOC GM220B/LA TRI-MODE GAMING MOUSE BLACK', 'AOC-GM220B/LA', 'AOC GM220B/LA\nTRI-MODE GAMING MOUSE BLACK\nWIRED + 2.4GHZ + BLUETOOTH\nNUMBER OF BUTTON: 6\nRESOLUTION : MAX 8000 DPI\nBUTTON LIFESPEAM : 8 MILLION CLICKS\n(LEFT AND RIGHT BUTTON)\nCABLE LENGTH : 1.5M\nDETACHABLE TYPE-C CABLE\nSIZE : 120LX60WX38H MM\nWWIGHT : 58G', 'ACTIVE', ''),
('AOC', 'MOUSE', 'AOC GM190B/LA WIRED RGB GAMING MOUSE BLACK', 'AOC-GM190B/LA', 'AOC GM190B/LA WIRED RGB\nGAMING MOUSE BLACK\n\nNUMBER OF BUTTON: 8\nRESOLUTION : MAX 7200 DPI\nBUTTON LIFESPEAM : 3 MILLION CLICKS\n(LEFT AND RIGHT BUTTON)\nCABLE LENGTH : 1.5M\nDETACHABLE TYPE-C CABLE\nSIZE : 125LX70WX40H MM\nWWIGHT : 91G', 'ACTIVE', ''),
('AOC', 'MOUSE', 'AOC GM180B/LA WIRED RGB GAMING MOUSE BLACK', 'AOC-GM180B/LA', 'AOC GM180B/LA WIRED GAMING MOUSE\n\nNUMBER OF BUTTON: 7\nRESOLUTION : MAX 7200 DPI\nBUTTON LIFESPEAM : 3 MILLION CLICKS\n(LEFT AND RIGHT BUTTON)\nCABLE LENGTH : 1.5M\nDETACHABLE TYPE-C CABLE\nSIZE : 126LX67WX40H MM\nWWIGHT : 80G', 'ACTIVE', ''),
('AOC', 'MOUSE', 'AOC MS300B/LA WIRELESS RECHARGABLE MOUSE BLACK', 'AOC-MS300B/LA', 'AOC MS300B/LA\nWIRELESS RECHARGABLE MOUSE BLACK\nBLUETOOTH\nNUMBER OF BUTTON: 7\nRESOLUTION : MAX 1600 DPI\nBUTTON LIFESPEAM : 3 MILLION CLICKS\n(LEFT AND RIGHT BUTTON)\nWIRELESS PROVIDES RELIABLE CONNECTION, WORKING DISTANCE CAN UP TO 10M\nDETACHABLE TYPE-C CABLE\nSIZE : 108LX64WX38H MM\nWWIGHT : 69.6G', 'ACTIVE', ''),
('AOC', 'MOUSE', 'AOC MS210B/LA 2.4G WIRELESS MOUSE BLACK', 'AOC-MS210B/LA', 'AOC MS210B/LA\n2.4G WIRELESS MOUSE BLACK\nNUMBER OF BUTTON: 7\nRESOLUTION : MAX 1600 DPI\nBUTTON LIFESPEAM : 3 MILLION CLICKS\n(LEFT AND RIGHT BUTTON)\nWIRELESS PROVIDES RELIABLE CONNECTION, WORKING DISTANCE CAN UP TO 10M\n\nSIZE : 108LX65WX40H MM\nWWIGHT : 69.6G', 'ACTIVE', ''),
('AOC', 'MOUSE', 'AOC MS130B/LA WIRED OFFICE MOUSE BLACK', 'AOC-MS130B/LA', '', 'ACTIVE', ''),
('AOC', 'KEYBOARD', 'AOC KB120B/97 WIRED KEYBOARD BLACK', 'AOC-KB120B', '', 'ACTIVE', ''),
('AOC', 'KEYBOARD', 'AOC KM170B/97 WIRED KEYBOARD MOUSE COMBO BLACK', 'AOC-KM170B', '', 'ACTIVE', ''),
('AOC', 'HEADSET', 'AOC ACG2510BK/00 WIRED GAMING HEADSET BLACK', 'AOC ACG2510BK/00', '', 'ACTIVE', ''),
('AOC', 'ACC', 'AOC AM200H3 DESK-MOUNT MONITOR ARM GRAY&WOOD GRAIN', 'AOC-AM200H3', '', 'ACTIVE', ''),
('AOC', 'ACC', 'AOC AM102H1 DESK-MOUNT MONITOR ARM GRAY&WHITE', 'AOC-AM102H1', '', 'ACTIVE', '');

-- --------------------------------------------------------

--
-- Table structure for table `product-image`
--

CREATE TABLE `product-image` (
  `code` varchar(100) NOT NULL,
  `picture` varchar(255) NOT NULL,
  `color` varchar(100) NOT NULL,
  `picture-code` varchar(100) NOT NULL
) ENGINE=InnoDB DEFAULT CHARSET=utf8mb4 COLLATE=utf8mb4_general_ci;

--
-- Dumping data for table `product-image`
--

INSERT INTO `product-image` (`code`, `picture`, `color`, `picture-code`) VALUES
('BL.9BWWA.517', 'UF300.webp', 'GREY', ''),
('BL.9BWWA.583', 'UM310.png', 'GREY', ''),
('BL.9BWWA.525', 'UP300 BLACK.png', 'BLACK', 'BL.9BWWA.525'),
('BL.9BWWA.525', 'UP300 GREEN.png', 'GREEN', 'BL.9BWWA.557'),
('BL.9BWWA.525', 'UP300 WHITE.png', 'WHITE', 'BL.9BWWA.565'),
('BL.9BWWA.589', 'UT300.png', 'GREY', ''),
('MD2425-V', 'MD2425-V.png', 'BLACK', ''),
('MD2725-V', 'MD2725-V.png', 'BLACK', ''),
('MF2208-A', 'MF2208-A.png', 'BLACK', ''),
('MF2408-A', 'MF2408-A.png', 'BLACK', ''),
('MF2508-A', 'MF2508-A.png', 'BLACK', ''),
('MF2708-A', 'MF2708-A.png', 'BLACK', ''),
('MQ270A-B', 'MQ270A-B.png', 'BLACK', ''),
('MZ2707-V', 'MZ2707-V.png', 'BLACK', ''),
('6937232400961 ', 'COLORFIRE GeForce RTX 5060 MEOW-ORG 8GB-V (2).png', 'WHITE', ''),
('6937232401166 ', 'COLORFIRE GeForce RTX 5060 MEOW-ORG DUO 8GB-V (1).png', 'WHITE', ''),
('GB-002X', 'GB002-1.png', 'BLACK', ''),
('GB-002X', 'GB002-2.png', '', ''),
('GB-002X', 'GB002-3.png', '', ''),
('O11DE-1X', 'O11DE.png', 'BLACK', ''),
('LANCOOL-II-1X', 'O11DXL.png', 'BLACK', ''),
('PW24-1W-T', 'P1043361.1.png', 'WHITE', ''),
('A3X', 'a3-001.png', 'BLACK', 'A3X'),
('A3X', 'a3-002.png', 'WHITE', 'A3W'),
('A3X', 'a3_w_000.png', 'WOOD WHITE', 'A3W-WD'),
('A3X', 'a001.png', 'WOOD BLACK', 'A3X-WD'),
('A3X', 'a3-005.png', '', ''),
('A3X', 'a3-008.png', '', ''),
('A3X', 'a3-013.png', '', ''),
('A3X', 'a3-015.png', '', ''),
('G99.DK07X.10UK', 'DK07X.png', 'BLACK', ''),
('G99.LAN207RW.00', '', 'BLACK', 'G99.LAN207RX.00'),
('G99.LAN207RW.00', '206bLACKargb.png', 'DIGITAL BLACK', 'G99.LAN207DX.00'),
('G99.LAN207RW.00', '', 'WHITE', 'G99.LAN207RW.00'),
('G99.LAN217X.00', '217BLACK.png', 'BLACK', 'G99.LAN217X.00'),
('G99.LAN217X.00', '217WHITE.png', 'WHITE', 'G99.LAN217W.00'),
('G99.LAN217X.00', 'Black (8).png', '', ''),
('G99.LAN217X.00', 'Black (7).png', '', ''),
('G99.LAN217X.00', 'Black (3).png', '', ''),
('G99.LAN217X.00', 'Black (2).png', '', ''),
('G99.LAN217INFX.00', '217INF-BLACK.png', 'BLACK', 'G99.LAN217INFX.00'),
('G99.LAN217INFX.00', '217INF-WHITE.png', 'WHITE', 'G99.LAN217INFW.00'),
('G99.LAN217INFX.00', '10(1).png', '', ''),
('G99.LAN217INFX.00', '11.png', '', ''),
('G99.LAN217INFX.00', '12.png', '', ''),
('PC-O11DERGBL', 'LAMBO.png', 'BLACK', 'PC-O11DERGBL'),
('PC-O11DERGBL', 'LIAN LI_O11D EVO RGB_LAMBO_BR90_render_WR.png', '', ''),
('PC-O11DERGBL', 'LIAN LI_O11D EVO RGB_LAMBO_BL90_render_WR.png', '', ''),
('PC-O11DERGBX', 'O11DERGBB (9).png', 'BLACK', 'PC-O11DERGBX'),
('PC-O11DERGBX', 'O11DERGBW (2).png', 'WHITE', 'PC-O11DERGBW'),
('PC-O11DERGBX', 'O11DERGBB (6).png', '', ''),
('PC-O11DERGBX', 'O11DERGBB (7).png', '', ''),
('PC-O11DERGBX', 'O11DERGBB (8).png', '', ''),
('G99.O11DMIV2FX.00', 'FLOW-WHITE.png', 'WHITE', 'G99.O11DMIV2FW.00'),
('G99.O11DMIV2FX.00', 'FLOW-BLACK.png', 'BLACK', 'G99.O11DMIV2FX.00'),
('G99.O11DMIV2FX.00', 'o11mini_v2_28.png', '', ''),
('G99.O11DMIV2FX.00', 'o11mini_v2_24.png', '', ''),
('G99.O11DMIV2FX.00', 'o11mini_v2_17.png', '', ''),
('G99.O11DMIV2FX.00', 'o11mini_v2_16.png', '', ''),
('G99.O11DMIV2FX.00', 'o11mini_v2_13.png', '', ''),
('G99.O11DMIV2FX.00', 'o11mini_v2_12.png', '', ''),
('G99.O11DMIV2X.00', 'V2-WHITE.png', 'WHITE', 'G99.O11DMIV2W.00'),
('G99.O11DMIV2X.00', 'V2-BLACK.png', 'BLACK', 'G99.O11DMIV2X.00'),
('G99.O11DMIV2X.00', 'o11dmini_011.png', '', ''),
('G99.O11DMIV2X.00', 'o11mini_v2_08.png', '', ''),
('G99.O11DMIV2X.00', 'o11mini_v2_09.png', '', ''),
('G99.O11DMIV2X.00', 'o11mini_v2_12 (1).png', '', ''),
('G99.O11DMIV2X.00', 'o11mini_v2_13 (1).png', '', ''),
('G99.O11DMIV2X.00', 'o11mini_v2_16 (1).png', '', ''),
('G99.O11DMIV2X.00', 'o11mini_v2_27.png', '', ''),
('SUP01X', 'SUP-WHITE.png', 'WHITE', 'SUP01W'),
('SUP01X', 'SUP-BLACK.png', 'BLACK', 'SUP01X'),
('SUP01X', 'V100RX_side.png', '', ''),
('SUP01X', 'V100RW.png', '', ''),
('G99.V100RX.00', 'V100RW.png', 'WHITE', 'G99.V100RW.00'),
('G99.V100RX.00', 'V100RX.png', 'BLACK', 'G99.V100RX.00'),
('G99.V100RX.00', 'V100RX_side.png', '', ''),
('G89.GHS2LCD36B.00', '07 HydroShift II LCD-C 360N_Black.png', 'BLACK', 'G89.GHS2LCD36B.00'),
('G89.GHS2LCD36B.00', '07 HydroShift II LCD-C 360N_White.png', 'WHITE', 'G89.GHS2LCD36W.00'),
('G89.GHS2LCD36TB.00', '01 HydroShift II LCD-C 360TL_Black.png', 'BLACK', 'G89.GHS2LCD36TB.00'),
('G89.GHS2LCD36TB.00', '01 HydroShift II LCD-C 360TL_White.png', 'WHITE', 'G89.GHS2LCD36TW.00'),
('12RSL1W1B', 'SL-REVERSE-BLACK.png', 'BLACK', '12RSL1W1B'),
('12RSL1W1B', 'SL-REVERSE-WHITE.png', 'WHITE', '12RSL1W1W'),
('12RSLLCD1W1B', 'SL-LCD-REVERSE-BLACK.png', 'BLACK', '12RSLLCD1W1B'),
('12RSLLCD1W1B', 'SL-LCD-REVERSE-WHITE.png', 'WHITE', '12RSLLCD1W1W'),
('12SLLCD1W3W', 'SL-LCD-WHITE.png', 'WHITE', '12SLLCD1W3W'),
('12SLLCD1W3W', 'SL-LCD-BLACKX3.png', 'BLACK', '12SLLCD1W3B'),
('12SL1W1B', 'SL-BLACK.png', 'BLACK', '12SL1W1B'),
('12SL1W1B', 'SL-WHITE.png', 'WHITE', '12SL1W1W'),
('12SL1W3B', 'SL-BLACKX3.png', 'BLACK', '12SL1W3B'),
('12SL1W3B', '', 'WHITE', '12SL1W3W'),
('12SLLCD1W1B', 'SL-LCD-BLACK.png', 'BLACK', '12SLLCD1W1B'),
('12SLLCD1W1B', 'SL-LCD-WHITE (2).png', 'WHITE', '12SLLCD1W1W'),
('G9P.EG0750G.B000.UK', 'Edge Gold 750W BK.png', 'BLACK', ''),
('G9P.EG0850G.B000.UK', 'Edge Gold 850W BK.png', 'BLACK', 'G9P.EG0850G.B000.UK'),
('G9P.EG0850G.B000.UK', 'Edge Gold 850W WH.png', 'WHITE', 'G9P.EG0850G.W000.UK'),
('G9P.EG1000G.B000.UK', 'Edge Gold 1000W with Hub WH.png', 'WHITE', 'G9P.EG1000G.W000.UK'),
('G9P.EG1000G.B000.UK', 'Edge Gold 1000W with Hub BK.png', 'BLACK', 'G9P.EG1000G.B000.UK'),
('G9P.EG1200G.B000.UK', 'Edge Gold 1200W with Hub BK.png', 'BLACK', 'G9P.EG1200G.B000.UK'),
('G9P.EG1200G.B000.UK', 'Edge Gold 1200W with Hub WH (1).png', 'WHITE', 'G9P.EG1200G.W000.UK'),
('G8P.EG-HUB01B.00', 'Edge Gold with Hub BK.png', 'BLACK', 'G8P.EG-HUB01B.00'),
('G8P.EG-HUB01B.00', 'Edge Gold with Hub WH.png', 'WHITE', 'G8P.EG-HUB01W.00'),
('G9P.RB0650B.B000.UK', 'RB650.png', 'BLACK', 'G9P.RB0650B.B000.UK'),
('G9P.RS1000G.BH00.UK', 'rs-002.png', 'BLACK', 'G9P.RS1000G.BH00.UK'),
('G9P.RS1000G.BH00.UK', 'rs-004.png', 'WHITE', 'G9P.RS1000G.WH00.UK'),
('G9P.RS1200G.BH00.UK', 'rs-001.png', 'BLACK', 'G9P.RS1200G.BH00.UK'),
('G9P.RS1200G.BH00.UK', 'rs-003.png', 'WHITE', 'G9P.RS1200G.WH00.UK'),
('G89.SP0750G.B0OC.UK', '', '', ''),
('G89.SP0750G.B0OC.UK', '', '', ''),
('G89.SP850G.B0OC.UK', '', '', ''),
('G89.SP850G.B0OC.UK', '', '', ''),
('CM372', 'CM372.png', 'BLACK', 'CM372'),
('MK-CM416-BK', 'CM416 (1).png', 'BLACK', 'MK-CM416-BK'),
('G985', 'G985.png', 'BLACK', 'G985'),
('HG9015G', 'HG9015G (2).png', 'BLACK', 'HG9015G'),
('HG9089W', 'HG9089W.png', 'BLACK', 'HG9089W'),
('HH-02', 'HH-02.png', 'BLACK', 'HH-02'),
('HZ-04', 'HZ-04.png', 'BLACK', 'HZ-04'),
('KG917', 'KG917.png', 'BLACK', 'KG917'),
('KG933G\n', 'KG993G (1).png', 'BLACK', 'KG933G\n'),
('KM409', 'KM409.png', 'BLACK', 'KM409'),
('M291', 'M291.png', 'BLACK', 'M291'),
('M291', 'M291-WHITE.png', 'WHITE', 'M291 WH'),
('M399', 'M399.png', 'BLACK', 'M399'),
('MH-01BK', 'MH-01BK.png', 'BLACK', 'MH-01BK'),
('BK75-BL', 'BK75-BL.png', 'BLACK', 'BK75-BL'),
('CK74', 'CK74.png', 'BLACK', 'CK74'),
('CK101-BKRD', 'CK101-BKRD.png', 'BLACK', 'CK101-BKRD'),
('CK101-BKRD', 'CK101-WHITE.png', 'WHITE', 'CK101-WHBL'),
('K24-BL', 'K24-BL & RD.png', 'BLACK', 'K24-BL'),
('K27-BL', 'K27-BL & RD.png', 'BLACK', 'K27-BL'),
('P50', 'P50.png', 'RED', 'P50'),
('P60\n', 'p60.png', 'RED', 'P60\n'),
('P60PRO', 'P60PRO.png', 'BLACK', 'P60PRO'),
('P70PRO', 'P70PRO.png', 'BLACK', 'P70PRO'),
('SK62-WHBL', 'SK62BK.png', 'BLACK', 'SK62-BKRD'),
('SK62-WHBL', 'SK62WH.png', 'WHITE', 'SK62-WHBL'),
('SK84-BL', 'SK84.png', 'WHITE', 'SK84-BL'),
('X6-BK', 'X6-BK.png', 'BLACK', 'X6-BK'),
('X6-BK', 'X6-WHITE.png', 'WHITE', 'X6-WH'),
('X6-BK MAX', 'X6-BK MAX.png', 'BLACK', 'X6-BK MAX'),
('X6-BK MAX', 'X6-WH MAX.png', 'WHITE', 'X6-WH MAX'),
('BL.9BWWR.104', 'GM7000.png', 'BLACK', 'BL.9BWWR.104'),
('BL.9BWWR.129', 'GM7000.png', 'BLACK', 'BL.9BWWR.129'),
('BL.9BWWR.665', 'hera-gold.png', 'GOLD', 'BL.9BWWR.665'),
('BL.9BWWR.599', 'HERA-BLACK.png', 'BLACK', 'BL.9BWWR.599'),
('BL.9BWWR.599', 'HERA-SLIVER.png', 'SLIVER', 'BL.9BWWR.600'),
('BL.9BWWR.682', 'HERA-BLACK.png', 'BLACK', 'BL.9BWWR.682'),
('BL.9BWWR.635', 'HERMIS-BLACK.png', 'BLACK', 'BL.9BWWR.635'),
('BL.9BWWR.391', 'HERMIS-BLACK.png', 'BLACK', 'BL.9BWWR.391'),
('BL.9BWWR.391', 'HERMIS-WHITE.png', 'WHITE', 'BL.9BWWR.390'),
('BL.9BWWR.425', 'HERMIS-SLIVER.png', 'SLIVER', 'BL.9BWWR.425'),
('BL.9BWWR.652', 'VESTA-BLACK.png', 'BLACK', 'BL.9BWWR.652'),
('BL.9BWWR.652', 'VESTA-SLIVER.png', 'SLIVER', 'BL.9BWWR.653'),
('BL.9BWWR.373', 'VESTA-BLACK.png', 'BLACK', 'BL.9BWWR.373'),
('BL.9BWWR.373', 'VESTA-SLIVER.png', 'SLIVER', 'BL.9BWWR.365'),
('BL.9BWWR.371', 'VESTA-SLIVER.png', 'SLIVER', 'BL.9BWWR.371'),
('SG-BEICED240ARGB-W', 'BEICED240-WHITE.png', 'WHITE', 'SG-BEICED240ARGB-W'),
('SG-BEICED240ARGB-W', 'BEICED240-BLACK.png', 'BLACK', 'SG-BEICED240ARGB-B'),
('SG-BEICED360ARGB-W', 'BEICED360-BLACK.png', 'BLACK', 'SG-BEICED360ARGB-B'),
('SG-BEICED360ARGB-W', 'BEICED360-WHITE.png', 'WHITE', 'SG-BEICED360ARGB-W'),
('SG-BEZER240ARGB-W', 'BEZER240-BLACK.png', 'BLACK', 'SG-BEZER240ARGB-B'),
('SG-BEZER240ARGB-W', 'BAEZER240-WHITE.png', 'WHITE', 'SG-BEZER240ARGB-W'),
('SG-BEZER360ARGB-W', 'BEZER360-BLACK.png', 'BLACK', 'SG-BEZER360ARGB-B'),
('SG-BEZER360ARGB-W', 'BEZER360-WHITE.png', 'WHITE', 'SG-BEZER360ARGB-W'),
('SG-CS1', 'CS1-ARGB.png', 'BLACK', 'SG-CS1'),
('SG-WS1', 'SG-WS1-1.png', 'BLACK', 'SG-WS1'),
('SG-WS1', 'SG-WS1-2.png', '', ''),
('ALPHA\nBLACK', 'ALPHA-BLACK.png', 'BLACK', 'ALPHA\nBLACK'),
('ALPHA\nBLACK', 'ALPHA-WHITE.png', 'WHITE', 'ALPHA\nWHITE'),
('\nBRAVE W1\nBLACK', 'BRAVE-BLACK.png', 'BLACK', '\nBRAVE W1\nBLACK'),
('\nBRAVE W1\nBLACK', 'BRAVE-WHITE.png', 'WHITE', '\nBRAVE W1\nWHITE'),
('ENDURA 240S\nBLACK', 'ENDURA-BLACK.png', 'BLACK', 'ENDURA 240S\nBLACK'),
('ENDURA 240S\nBLACK', 'ENDURA-WHITE.png', 'WHITE', 'ENDURA 240S\nWHITE'),
('ENDURA PRO+\nBLACK', 'ENDURAPRO-BLACK.png', 'BLACK', 'ENDURA PRO+\nBLACK'),
('ENDURA PRO+\nBLACK', 'ENDURAPRO-WHITE.png', 'WHITE', 'ENDURA PRO+\nWHITE'),
('GANK240-S\nBLACK', 'GANK-BLACK.png', 'BLACK', 'GANK240-S\nBLACK'),
('GANK240-S\nBLACK', 'GANK-WHITE.png', 'WHITE', 'GANK240-S\nWHITE'),
('BL.9BWWA.118', 'FA100.png', 'GREEN', 'BL.9BWWA.118'),
('BL.9BWWA.484', 'HT200-BLACK.png', 'BLACK', 'BL.9BWWA.484'),
('BL.9BWWA.484', 'HT200-SLIVER.png', 'SLIVER', 'BL.9BWWA.485'),
('BL.9BWWA.221', 'UD100.png', 'BLACK', 'BL.9BWWA.221'),
('AOC ACG2510BK/00', 'ACG-2510.7.png', 'BLACK', 'AOC ACG2510BK/00'),
('AOC-AM102H1', 'AM102-BALCKORANGE.png', 'ORANGE', 'AOC-AM102H2'),
('AOC-AM102H1', 'AM102-GREYWHITE.png', 'GREY', 'AOC-AM102H1'),
('AOC-AM200H3', 'AM400-GREY.png', 'GREY', 'AOC-AM200H3'),
('AOC-GM180B/LA', 'AOC-GM180.png', 'BLACK', 'AOC-GM180B/LA'),
('AOC-GM190B/LA', 'AOC-GM190.png', 'BLACK', 'AOC-GM190B/LA'),
('AOC-GM220B/LA', 'AOC-GM220.png', 'BLACK', 'AOC-GM220B/LA'),
('AOC-KB120B', 'AOC-KB120.png', 'BLACK', 'AOC-KB120B'),
('AOC-KM170B', 'AOC-KM170.png', 'BLACK', 'AOC-KM170B'),
('AOC-MS130B/LA', 'AOC-MS130 .png', 'BLACK', 'AOC-MS130B/LA'),
('AOC-MS210B/LA', 'AOC-MS210.png', 'BLACK', 'AOC-MS210B/LA'),
('AOC-MS300B/LA', 'AOC-MS300.png', 'BLACK', 'AOC-MS300B/LA'),
('AP1-V ARGB BK', 'AOC-AP1-BLACK-ARGB.png', 'BLACK', 'AP1-V ARGB BK'),
('AP1-V ARGB BK', 'AOC-AP1-WHITE-ARGB.png', 'WHITE', 'AP1-V ARGB WH'),
('FP2-120 PWM ARGB BK', 'FP2-BLACK.png', 'BLACK', 'FP2-120 PWM ARGB BK'),
('FP2-120 PWM ARGB BK', 'FP2-WHITE.png', 'WHITE', 'FP2-120 PWM ARGB WH'),
('V1-BW-v1', 'V1-BLACK.png', 'BLACK', ''),
('V1-BW-v1', 'V1-BLACKwood.png', 'WOOD BLACK', 'V1-W-BK-v1'),
('V1-BW-v1', 'V1-BLACKwhite.png', 'BLACK WHITE', 'V1-BW-v1'),
('V1-BW-v1', 'V1-BLACKwhite-WOOD.png', 'BLACK WHITE WOOD', ''),
('V1-BW-v1', 'V1-WHITE.png', 'WHITE', ''),
('V2-BK', 'V2-BK-v1-ARGB.png', 'BLACK', 'V2-BK'),
('V2-BK', 'V2-WT-v1-45S2-1.png', 'WHITE', 'V2-WH'),
('HD-8-CPU-BK-A-30', '8 PIN (4+4) WH.png', 'WHITE', 'HD-8-CPU-WT-A-30'),
('HD-8-CPU-BK-A-30', '8 PIN (4+4) BK.png', 'BLACK', 'HD-8-CPU-BK-A-30'),
('HD-8-GPU-BK-A-30', '8 PIN (4+4) WH.png', 'WHITE', 'HD-8-GPU-WT-A-30'),
('HD-8-GPU-BK-A-30', '8 PIN (4+4) BK.png', 'BLACK', 'HD-8-GPU-BK-A-30'),
('HD-8-GPU-BK-B-30', '8 PIN (4+4) WH.png', 'WHITE', 'HD-8-GPU-WT-B-30'),
('HD-8-GPU-BK-B-30', '8 PIN (4+4) BK.png', 'BLACK', 'HD-8-GPU-BK-B-30'),
('HD-16-BK-A-50', '16 PIN A BK.png', 'BLACK', 'HD-16-BK-A-50'),
('HD-16-BK-A-50', '16 PIN A WH.png', 'WHITE', 'HD-16-WT-A-50'),
('HD-16-BK-B-50', '16 PIN B BK.png', 'BLACK', 'HD-16-BK-B-50'),
('HD-16-BK-B-50', '16 PIN B WH.png', 'WHITE', 'HD-16-WT-B-50'),
('AC4AWH', 'AC4ABK.png', 'BLACK', 'AC4ABK'),
('AC4AWH', 'AC4ABKGY.png', 'GREY', 'AC4ABKGY'),
('AC4AWH', 'AC4ABKWH.png', 'BLACK WHITE', 'AC4ABKWH'),
('AC4AWH', 'AC4ARD.png', 'RED', 'AC4ARD'),
('AC4AWH', 'AC4AWH.png', 'WHITE', 'AC4AWH'),
('6937232403573 ', '5050-DUO-8GB.png', 'BLACK', '6937232403573 '),
('6937232401500 ', 'ULTRA-5050-ULTRA-W-DUO-OC-8GB.png', 'BLACK', '6937232401500 '),
('6937232403566 ', '5060-GAMING-DUO-8GB.png', 'BLACK', '6937232403566 '),
('6937232400732 ', '5060-TI-ULTRA-3FAN.png', 'WHITE', '6937232400732 '),
('6937232400749 ', '5060-TI-ULTRA-2FAN.png', 'WHITE', '6937232400749 '),
('6937232400473 ', '5070-ULTRA-12GB.png', 'WHITE', '6937232400473 '),
('6937232400459 ', '5070-VULCAN-OC-12GB.png', 'BLACK', '6937232400459 '),
('6937232401869 ', '5070-TI-BATTLE-AX-16GB.png', 'BLACK', '6937232401869 '),
('6937232400428 ', '5070-TI-VULCAN-16GB.png', 'BLACK', '6937232400428 '),
('6937232400329 ', '5080-ADVANCED-16GB.png', 'BLACK', '6937232400329 '),
('6937232400336 ', '5080-ULTRA-16GB.png', 'WHITE', '6937232400336 '),
('6937232400305 ', '5080-VULCAN-16GB.png', 'BLACK', '6937232400305 '),
('6937232400664 ', '5080-VULCAN-W-OC-16GB.png', 'WHITE', '6937232400664 '),
('6937232400206 ', 'BATTLE-AX B860M-GHA WIFI V20.png', 'WHITE', '6937232400206 '),
('6937232400114 ', 'CVN B860I FROZEN WIFI V20.png', 'WHITE', '6937232400114 '),
('6937232400084 ', 'CVN B860M FROZEN WIFI D5 V20 (1).png', 'WHITE', '6937232400084 '),
('6970417599340 ', 'Z890-ULOTRA.png', 'WHITE', '6970417599340 '),
('6970417593591 ', 'Z890-VULCAN-W.png', 'WHITE', '6970417593591 '),
('6978261851577 ', 'L1.png', 'GREY', '6978261851577 '),
('6978261850600 ', 'L1.png', 'GREY', '6978261850600 '),
('6971043071040 ', 'DDR4-BATTLE-8G.png', 'BLACK', '6971043071040 '),
('6971043071040 ', 'DDR4-BATTLE-8G-WHITE.png', 'WHITE', '6971043072313 '),
('6971043078667 ', 'DDR4-BATTLE-8G.png', 'BLACK', '6971043078667 '),
('6971043078667 ', 'DDR4-BATTLE-8G-WHITE.png', 'WHITE', '6971043078674 '),
('6971043079602 ', 'BATTLE-DDR5.png', 'BLACK', '6971043079602 '),
('CN600-512GB', 'CN600.png', 'BLACK', 'CN600-512GB'),
('K2-PRO\nWH', 'K2 Pro BK1.png', 'BLACK', 'K2-PRO\nBK'),
('K2-PRO\nWH', 'K2 Pro WH1.png', 'WHITE', 'K2-PRO\nWH'),
('K5-SV ', 'K5 GREY.png', 'GREY', 'K5-SV '),
('M3-BK', 'M3 Kiran BK1.png', 'BLACK', 'M3-BK'),
('M3-BK', 'M3 Kiran WH1.png', 'WHITE', 'M3-WH'),
('M3PRO-BKWH', 'M3 Pro Max BK1 (1).png', 'BLACK', 'M3PRO-BK'),
('M3PRO-BKWH', 'M3 Pro Max WH1.png', 'WHITE', 'M3PRO-WH'),
('M3S-RDPKPUYL', 'M3S GREY.png', 'GREY', 'M3S-GY'),
('M3S-RDPKPUYL', 'M3S PINK.png', 'PINK', 'M3S-PK'),
('M3S-RDPKPUYL', 'M3S PURPLE.png', 'PURPLE', 'M3S-PU'),
('PAD-3BL', 'PAD 3 BLANC.png', 'WHITE', 'PAD-3WH'),
('PAD-3BL', 'PAD 3 BLEU.png', 'BLUE', 'PAD-3BL'),
('PAD-3BL', 'PAD 3 JAUNE.png', 'YELLOW', 'PAD-3YW'),
('N1-DARKGREY', 'N1 1.png', 'GREY', 'N1-DARKGREY'),
('N1-DARKGREY', 'N1 BK1.png', 'BLACK', 'N1-BLACKSTARRYSKY\n(ZEUS6400)'),
('N3-BK', 'N3 BK.png', 'BLACK', 'N3-BK'),
('N3-BK', 'N3 WH.png', 'WHITE', 'N3-WH'),
('N3-BK', 'N3 PK.png', 'PINK', 'N3-PK'),
('N3-BK', 'N3 GR.png', 'GREY', 'N3-GR'),
('N3-WIRED', 'N3 Wired BK1.png', 'BLACK', 'N3-WIRED'),
('TOP98-BKWH', 'TOP98 BLACK.png', 'BLACK', 'TOP98-BK'),
('TOP98-BKWH', 'TOP98 Tri Mode.png', 'ARGB', ''),
('TOP98-BKWH', 'TOP98 WHITE.png', 'WHITE', 'TOP98-WH'),
('HVN-CA-BF360-03', 'BF360-FLOW-WHITE.png', 'WHITE', 'HVN-CA-BF360-03'),
('HVN-CA-BF360-03', 'BF360-FLOW-BLACK.png', 'BLACK', 'HVN-CA-BF360-04'),
('HVN-CA-BF360-03', '11 (1).png', '', ''),
('HVN-CA-BF360-03', '12 (1).png', '', ''),
('HVN-CA-BF360-03', '3.png', '', ''),
('HVN-AS-HS420-05-BFB', 'HS420-BLACK.png', 'BLACK', 'HVN-AS-HS420-06-BFB'),
('HVN-AS-HS420-05-BFB', 'HS420-WHITE.png', 'WHITE', 'HVN-AS-HS420-05-BFB'),
('HVN-AS-HS420-05-BFB', 'PShot_07_0384.png', '', ''),
('HVN-AS-HS420-05-BFB', 'PShot_05_0384 (1).png', '', ''),
('HVN-AS-HS420-05-BFB', 'PShot_04_0384.png', '', ''),
('HVN-AS-HS420-05-BFB', 'PShot_03_0384.png', '', ''),
('HS420VGPU-BK', 'HS420-BLACK-VGPU.png', 'BLACK', 'HS420VGPU-BK'),
('HS420VGPU-BK', 'HS420-WHITE-VGPU.png', 'WHITE', 'HS420VGPU-WH'),
('HS420VGPU-BK', 'PShot_03_0384 (1).png', '', ''),
('HS420VGPU-BK', 'PShot_06_0384.png', '', ''),
('HS420VGPU-BK', 'PShot_08_0384.png', '', ''),
('HS420VGPU-BK', 'PShot-01_OK.png', '', ''),
('SPCW-CZFH221.11', 'CAM.png', 'BLACK', 'SPCW-CZFH221.11'),
('SPCW-CP4K811.11', 'CAM PRO.png', 'BLACK', 'SPCW-CP4K811.11'),
('SPVC-CA12401.11', 'CAPTURE 4K (3).png', 'BLACK', 'SPVC-CA12401.11'),
('SPMC-MP3C327.11', 'MIC PRO (1).png', 'BLACK', 'SPMC-MP3C327.11'),
('SPMC-MZ1C127.11', 'MIC Tripod Microphone Photo (2).png', 'BLACK', 'SPMC-MZ1C127.11'),
('SPMC-MZ1C227.11', 'MIC Arm Microphone Photo (1).png', 'BLACK', 'SPMC-MZ1C227.11'),
('SPOM-MA1MCL1.21', 'MOUNT ARM Accessories Photo (1).png', 'WHITE', 'SPOM-MA1MCL1.21'),
('SW24G2', 'SW24G2.png', 'BLACK', 'SW24G2'),
('LR350', 'LR350.png', 'BLACK', 'LR350'),
('A600UB', 'AC600.png', 'BLACK', 'A600UB'),
('EX1200T', 'EX1200T.png', 'BLACK', 'EX1200T'),
('BX-MINI3', 'BX-Mini 3.png', 'BLACK', 'BX-MINI3'),
('BX-SE', 'BX-SE.png', 'BLACK', 'BX-SE'),
('CX-M2', 'CX-M2.png', 'BLACK', 'CX-M2'),
('CX-M3 FLOW', 'CX-M3 Flow (1).png', 'BLACK', 'CX-M3 FLOW'),
('CPCEMM8', 'Elegant M8.png', 'BLACK', 'CPCEMM8'),
('CPCEM5', 'M5 (1).png', 'BLACK', 'CPCEM5'),
('CPCEMM7', 'M7 (1).png', 'BLACK', 'CPCEMM7'),
('W3', 'W3.png', 'BLACK', 'W3'),
('ZC-03M-BKRD', 'ZC-03M Black & Red.png', 'RED', 'ZC-03M-BKRD'),
('ZC-03M-BKRD', 'ZC-03M White & Blue.png', 'WHITE', 'ZC-03M-WHBL'),
('ZC-77M-BLACK', 'ZC-77 Black.png', 'BLACK', 'ZC-77M-BLACK'),
('ZC-77M-BLACK', 'ZC-77 White.png', 'WHITE', 'ZC-77M-WHITE');

-- --------------------------------------------------------

--
-- Table structure for table `sub-category`
--

CREATE TABLE `sub-category` (
  `sub-category` varchar(100) NOT NULL,
  `category` varchar(100) NOT NULL
) ENGINE=InnoDB DEFAULT CHARSET=utf8mb4 COLLATE=utf8mb4_general_ci;

--
-- Dumping data for table `sub-category`
--

INSERT INTO `sub-category` (`sub-category`, `category`) VALUES
('SIZE', 'MONITOR'),
('REFRESH', 'MONITOR'),
('PANEL', 'MONITOR'),
('RESOLUTION', 'MONITOR'),
('RES TIME', 'MONITOR'),
('INPUT / OUTPUT', 'MONITOR'),
('STAND', 'MONITOR'),
('VESA', 'MONITOR'),
('ACCESSORIES', 'MONITOR'),
('WARRANTY', 'MONITOR'),
('REMARK', 'MONITOR'),
('BUSINESS SERIES', 'MONITOR'),
('GAMING SERIES', 'MONITOR'),
('Bluetooth version', 'AUDIO'),
('COLOUR', 'AUDIO'),
('Frequency Response', 'AUDIO'),
('Battery capacity', 'AUDIO'),
('Waterproof', 'AUDIO'),
('WORKING TIME (Without charging case )', 'AUDIO'),
('CHARGING PORT', 'AUDIO'),
('STANDBY TIME', 'AUDIO'),
('PLUG SPECIFICATION', 'AUDIO'),
('WARRANTY', 'AUDIO'),
('RMS', 'AUDIO'),
('BATTERY', 'AUDIO'),
('WORKING TIME   ', 'AUDIO'),
('PORT', 'AUDIO'),
('WIRELESS RANGE', 'AUDIO'),
('LIGHT EFFECT', 'AUDIO');

-- --------------------------------------------------------

--
-- Table structure for table `sub-detail`
--

CREATE TABLE `sub-detail` (
  `code` varchar(100) NOT NULL,
  `sub-category` varchar(100) NOT NULL,
  `detail` varchar(255) NOT NULL,
  `category` varchar(100) NOT NULL,
  `brand` varchar(100) NOT NULL
) ENGINE=InnoDB DEFAULT CHARSET=utf8mb4 COLLATE=utf8mb4_general_ci;

--
-- Dumping data for table `sub-detail`
--

INSERT INTO `sub-detail` (`code`, `sub-category`, `detail`, `category`, `brand`) VALUES
('MF2208-A', 'SIZE', '21.45\"', 'MONITOR', 'AIWA'),
('MF2208-A', 'REFRESH', '100Hz', 'MONITOR', 'AIWA'),
('MF2208-A', 'PANEL', 'VA', 'MONITOR', 'AIWA'),
('MF2208-A', 'RESOLUTION', '1920X1080', 'MONITOR', 'AIWA'),
('MF2208-A', 'RES TIME', '1MS', 'MONITOR', 'AIWA'),
('MF2208-A', 'INPUT / OUTPUT', 'HDMI+VGA', 'MONITOR', 'AIWA'),
('MF2208-A', 'STAND', 'FIXED', 'MONITOR', 'AIWA'),
('MF2208-A', 'VESA', 'Yes, 75 x 75 mm', 'MONITOR', 'AIWA'),
('MF2208-A', 'ACCESSORIES', 'HDMI CABLE\nADAPTOR\nPOWER CABLE', 'MONITOR', 'AIWA'),
('MF2208-A', 'WARRANTY', '3 YEARS', 'MONITOR', 'AIWA'),
('MF2208-A', 'REMARK', 'Design:Frameless, slim black finish\nSync Technology:Often listed with FreeSync support\nSpeakers:Generally no built-in speakers', 'MONITOR', 'AIWA'),
('MF2408-A', 'SIZE', '23.8\"', 'MONITOR', 'AIWA'),
('MF2408-A', 'REFRESH', '120Hz', 'MONITOR', 'AIWA'),
('MF2408-A', 'PANEL', 'IPS', 'MONITOR', 'AIWA'),
('MF2408-A', 'RESOLUTION', '1920X1080', 'MONITOR', 'AIWA'),
('MF2408-A', 'RES TIME', '1MS', 'MONITOR', 'AIWA'),
('MF2408-A', 'INPUT / OUTPUT', 'HDMI+VGA', 'MONITOR', 'AIWA'),
('MF2408-A', 'STAND', 'FIXED', 'MONITOR', 'AIWA'),
('MF2408-A', 'VESA', 'Yes, 75 x 75 mm', 'MONITOR', 'AIWA'),
('MF2408-A', 'ACCESSORIES', 'HDMI CABLE\nADAPTOR\nPOWER CABLE', 'MONITOR', 'AIWA'),
('MF2408-A', 'WARRANTY', '3 YEARS', 'MONITOR', 'AIWA'),
('MF2408-A', 'REMARK', 'Audio Output:No built-in speakers\nEye Care:Low Blue Light (ComfortView) & Flicker-Free technology\nAdaptive Sync:FreeSync technology supported', 'MONITOR', 'AIWA'),
('MF2508-A', 'SIZE', '24.5\"', 'MONITOR', 'AIWA'),
('MF2508-A', 'REFRESH', '100Hz', 'MONITOR', 'AIWA'),
('MF2508-A', 'PANEL', 'IPS', 'MONITOR', 'AIWA'),
('MF2508-A', 'RESOLUTION', '1920X1080', 'MONITOR', 'AIWA'),
('MF2508-A', 'RES TIME', '1MS', 'MONITOR', 'AIWA'),
('MF2508-A', 'INPUT / OUTPUT', 'HDMI+VGA', 'MONITOR', 'AIWA'),
('MF2508-A', 'STAND', 'FIXED', 'MONITOR', 'AIWA'),
('MF2508-A', 'VESA', 'Yes, 75 x 75 mm', 'MONITOR', 'AIWA'),
('MF2508-A', 'ACCESSORIES', 'HDMI CABLE\nADAPTOR\nPOWER CABLE', 'MONITOR', 'AIWA'),
('MF2508-A', 'WARRANTY', '3 YEARS', 'MONITOR', 'AIWA'),
('MF2508-A', 'REMARK', 'Productivity Focused:Designed for document handling, media viewing, and office use with 100Hz fluidity.\nEye Care:Includes Low Blue Light and Flicker-Free technology.\nDesign:Frameless, slim bezel design.\nDimensions (with stand):Approx 540.8 mm x 407.7 mm x', 'MONITOR', 'AIWA'),
('MF2708-A', 'SIZE', '27\"', 'MONITOR', 'AIWA'),
('MF2708-A', 'REFRESH', '120Hz', 'MONITOR', 'AIWA'),
('MF2708-A', 'PANEL', 'IPS', 'MONITOR', 'AIWA'),
('MF2708-A', 'RESOLUTION', '1920X1080', 'MONITOR', 'AIWA'),
('MF2708-A', 'RES TIME', '1MS', 'MONITOR', 'AIWA'),
('MF2708-A', 'INPUT / OUTPUT', 'HDMI+VGA', 'MONITOR', 'AIWA'),
('MF2708-A', 'STAND', 'FIXED', 'MONITOR', 'AIWA'),
('MF2708-A', 'VESA', '100x100', 'MONITOR', 'AIWA'),
('MF2708-A', 'ACCESSORIES', 'HDMI CABLE\nADAPTOR\nPOWER CABLE', 'MONITOR', 'AIWA'),
('MF2708-A', 'WARRANTY', '3 YEARS', 'MONITOR', 'AIWA'),
('MQ270A-B', 'SIZE', '27\"', 'MONITOR', 'AIWA'),
('MQ270A-B', 'REFRESH', '100Hz', 'MONITOR', 'AIWA'),
('MQ270A-B', 'PANEL', 'IPS', 'MONITOR', 'AIWA'),
('MQ270A-B', 'RESOLUTION', '2560X1440', 'MONITOR', 'AIWA'),
('MQ270A-B', 'RES TIME', '1MS', 'MONITOR', 'AIWA'),
('MQ270A-B', 'INPUT / OUTPUT', 'HDMI+DP+\nEARPHONE', 'MONITOR', 'AIWA'),
('MQ270A-B', 'STAND', 'FIXED', 'MONITOR', 'AIWA'),
('MQ270A-B', 'VESA', '100X100', 'MONITOR', 'AIWA'),
('MQ270A-B', 'ACCESSORIES', 'DP,ADAPTOR,POWER CABLE', 'MONITOR', 'AIWA'),
('MQ270A-B', 'WARRANTY', '3 YEARS', 'MONITOR', 'AIWA'),
('MF2208-A', 'BUSINESS SERIES', '', 'MONITOR', 'AIWA'),
('MF2408-A', 'BUSINESS SERIES', '', 'MONITOR', 'AIWA'),
('MF2508-A', 'BUSINESS SERIES', '', 'MONITOR', 'AIWA'),
('MF2708-A', 'BUSINESS SERIES', '', 'MONITOR', 'AIWA'),
('MQ270A-B', 'BUSINESS SERIES', '', 'MONITOR', 'AIWA'),
('MD2425-V', 'SIZE', '23.8\"', 'MONITOR', 'AIWA'),
('MD2425-V', 'REFRESH', '180Hz', 'MONITOR', 'AIWA'),
('MD2425-V', 'PANEL', 'IPS', 'MONITOR', 'AIWA'),
('MD2425-V', 'RESOLUTION', '1920X1080', 'MONITOR', 'AIWA'),
('MD2425-V', 'RES TIME', '1MS', 'MONITOR', 'AIWA'),
('MD2425-V', 'INPUT / OUTPUT', 'HDMI+DP+USB+EARPHONE', 'MONITOR', 'AIWA'),
('MD2425-V', 'STAND', 'FIXED', 'MONITOR', 'AIWA'),
('MD2425-V', 'VESA', '75x75', 'MONITOR', 'AIWA'),
('MD2425-V', 'ACCESSORIES', 'DP,ADAPTOR,POWER CABLE', 'MONITOR', 'AIWA'),
('MD2425-V', 'WARRANTY', '3 YEARS', 'MONITOR', 'AIWA'),
('MD2725-V', 'SIZE', '27\"', 'MONITOR', 'AIWA'),
('MD2725-V', 'REFRESH', '200Hz', 'MONITOR', 'AIWA'),
('MD2725-V', 'PANEL', 'IPS', 'MONITOR', 'AIWA'),
('MD2725-V', 'RESOLUTION', '1920X1080', 'MONITOR', 'AIWA'),
('MD2725-V', 'RES TIME', '1MS', 'MONITOR', 'AIWA'),
('MD2725-V', 'INPUT / OUTPUT', 'HDMI+DP+USB+EARPHONE', 'MONITOR', 'AIWA'),
('MD2725-V', 'STAND', 'FIXED', 'MONITOR', 'AIWA'),
('MD2725-V', 'VESA', '75x75', 'MONITOR', 'AIWA'),
('MD2725-V', 'ACCESSORIES', 'DP,ADAPTOR,POWER CABLE', 'MONITOR', 'AIWA'),
('MD2725-V', 'WARRANTY', '3 YEARS', 'MONITOR', 'AIWA'),
('MZ2707-V', 'SIZE', '27\"', 'MONITOR', 'AIWA'),
('MZ2707-V', 'REFRESH', '240Hz', 'MONITOR', 'AIWA'),
('MZ2707-V', 'PANEL', 'IPS', 'MONITOR', 'AIWA'),
('MZ2707-V', 'RESOLUTION', '2560X1440', 'MONITOR', 'AIWA'),
('MZ2707-V', 'RES TIME', '1MS', 'MONITOR', 'AIWA'),
('MZ2707-V', 'INPUT / OUTPUT', 'HDMIX2\nDPX2\nEARPHONE', 'MONITOR', 'AIWA'),
('MZ2707-V', 'STAND', 'FIXED', 'MONITOR', 'AIWA'),
('MZ2707-V', 'VESA', '75x75', 'MONITOR', 'AIWA'),
('MZ2707-V', 'ACCESSORIES', 'DP,ADAPTOR,POWER CABLE', 'MONITOR', 'AIWA'),
('MZ2707-V', 'WARRANTY', '3 YEARS', 'MONITOR', 'AIWA'),
('MD2425-V', 'GAMING SERIES', '', 'MONITOR', 'AIWA'),
('MZ2707-V', 'GAMING SERIES', '', 'MONITOR', 'AIWA'),
('MZ2707-V', 'GAMING SERIES', '', 'MONITOR', 'AIWA'),
('AT-H03 EDGE', 'Bluetooth version', 'V5.4', 'AUDIO', 'AIWA'),
('AT-H03 EDGE', 'COLOUR', 'BLUE IVORY PURPLE', 'AUDIO', 'AIWA'),
('AT-H03 EDGE', 'Frequency Response', '20 ~ 20K Hz', 'AUDIO', 'AIWA'),
('AT-H03 EDGE', 'Battery capacity', 'Earephones: 3.7 V / 45 mAh Charging Case: 3.7 V / 600 mAh', 'AUDIO', 'AIWA'),
('AT-H03 EDGE', 'WORKING TIME (Without charging case )', 'Earphones :6 Hrs Charing Case : 25Hrs', 'AUDIO', 'AIWA'),
('AT-H03 EDGE', 'CHARGING PORT', 'TYPE C', 'AUDIO', 'AIWA'),
('AT-H03 EDGE', 'STANDBY TIME', '90 days', 'AUDIO', 'AIWA'),
('AT-H03 EDGE', 'WARRANTY', '1 Year', 'AUDIO', 'AIWA'),
('AT-X80D', 'Bluetooth version', 'V5.3', 'AUDIO', 'AIWA'),
('AT-X80D', 'COLOUR', 'BLACK IVORY PINK RED GREEN', 'AUDIO', 'AIWA'),
('AT-X80D', 'Frequency Response', '20Hz~20KHz', 'AUDIO', 'AIWA'),
('AT-X80D', 'Battery capacity', 'Earphones : 25mAh Charging case : 200mAh', 'AUDIO', 'AIWA'),
('AT-X80D', 'Waterproof', 'IPX5', 'AUDIO', 'AIWA'),
('AT-X80D', 'WORKING TIME (Without charging case )', 'About 5.5 Hours', 'AUDIO', 'AIWA'),
('AT-X80D', 'CHARGING PORT', 'TYPE C', 'AUDIO', 'AIWA'),
('AT-X80D', 'STANDBY TIME', 'About 260 days', 'AUDIO', 'AIWA'),
('AT-X80D', 'WARRANTY', '1 Year', 'AUDIO', 'AIWA'),
('AT-X80X', 'Bluetooth version', 'V5.3', 'AUDIO', 'AIWA'),
('AT-X80X', 'COLOUR', 'BLACK\nORANGE\nWHITE\nPURPLE', 'AUDIO', 'AIWA'),
('AT-X80X', 'Frequency Response', '20~20KHz', 'AUDIO', 'AIWA'),
('AT-X80X', 'Battery capacity', 'Earphones : 25mAh   Charging case : 200mAh', 'AUDIO', 'AIWA'),
('AT-X80X', 'Waterproof', 'IPX5', 'AUDIO', 'AIWA'),
('AT-X80X', 'WORKING TIME (Without charging case )', 'About 5.5 Hours', 'AUDIO', 'AIWA'),
('AT-X80X', 'CHARGING PORT', 'TYPE C', 'AUDIO', 'AIWA'),
('AT-X80X', 'STANDBY TIME', 'About 260 days', 'AUDIO', 'AIWA'),
('AT-X80X', 'WARRANTY', '1 Year', 'AUDIO', 'AIWA'),
('AT-X80E', 'Bluetooth version', 'V5.4', 'AUDIO', 'AIWA'),
('AT-X80E', 'COLOUR', 'BLACK    WHITE ', 'AUDIO', 'AIWA'),
('AT-X80E', 'Frequency Response', '20~20KHz', 'AUDIO', 'AIWA'),
('AT-X80E', 'Battery capacity', 'phones 3.7V/40mAh Charging case 3.7V/200mAh', 'AUDIO', 'AIWA'),
('AT-X80E', 'Waterproof', 'IPX4', 'AUDIO', 'AIWA'),
('AT-X80E', 'WORKING TIME (Without charging case )', '4 Hours', 'AUDIO', 'AIWA'),
('AT-X80E', 'CHARGING PORT', 'TYPE C', 'AUDIO', 'AIWA'),
('AT-X80E', 'STANDBY TIME', 'About 100 Days', 'AUDIO', 'AIWA'),
('AT-X80E', 'WARRANTY', '1 Year', 'AUDIO', 'AIWA'),
('ESTM-138', 'COLOUR', 'BLACK SILVER BLUE', 'AUDIO', 'AIWA'),
('ESTM-138', 'Frequency Response', '20Hz~20KHz', 'AUDIO', 'AIWA'),
('ESTM-138', 'PLUG SPECIFICATION', 'TYPE -C', 'AUDIO', 'AIWA'),
('ESTM-138', 'WARRANTY', '1 Year', 'AUDIO', 'AIWA'),
('BSK60 WIRELESS PARTY SPECKER', 'Bluetooth version', 'V6.0', 'AUDIO', 'AIWA'),
('BSK60 WIRELESS PARTY SPECKER', 'COLOUR', 'BLACK', 'AUDIO', 'AIWA'),
('BSK60 WIRELESS PARTY SPECKER', 'WARRANTY', '1 Year', 'AUDIO', 'AIWA'),
('BSK60 WIRELESS PARTY SPECKER', 'RMS', '15W', 'AUDIO', 'AIWA'),
('BSK60 WIRELESS PARTY SPECKER', 'BATTERY', 'Battery 2000mAh', 'AUDIO', 'AIWA'),
('BSK60 WIRELESS PARTY SPECKER', 'WORKING TIME   ', 'UP TO 10 HOURS WITH 2 WIRELESS MIC', 'AUDIO', 'AIWA'),
('BSK60 WIRELESS PARTY SPECKER', 'PORT', 'TYPE C', 'AUDIO', 'AIWA'),
('BSK60 WIRELESS PARTY SPECKER', 'WIRELESS RANGE', '>10M', 'AUDIO', 'AIWA'),
('BSK60 WIRELESS PARTY SPECKER', 'LIGHT EFFECT', 'LED PARTY LIGHT', 'AUDIO', 'AIWA'),
('BST -350', 'Bluetooth version', 'V5.0', 'AUDIO', 'AIWA'),
('BST -350', 'COLOUR', 'BLACK', 'AUDIO', 'AIWA'),
('BST -350', 'RMS', '60Hz-20KHz', 'AUDIO', 'AIWA'),
('BST -350', 'BATTERY', 'Battery 1500mAh', 'AUDIO', 'AIWA'),
('BST -350', 'Waterproof', 'IPX6', 'AUDIO', 'AIWA'),
('BST -350', 'PORT', 'TYPE C', 'AUDIO', 'AIWA'),
('BST -350', 'WIRELESS RANGE', '>10M', 'AUDIO', 'AIWA'),
('BST -350', 'WARRANTY', '1 Year', 'AUDIO', 'AIWA'),
('BST -650', 'Bluetooth version', 'V5.0', 'AUDIO', 'AIWA'),
('BST -650', 'COLOUR', 'BLACK', 'AUDIO', 'AIWA'),
('BST -650', 'RMS', '60Hz-20KHz 20W RMS', 'AUDIO', 'AIWA'),
('BST -650', 'BATTERY', 'Battery 2000mAh', 'AUDIO', 'AIWA'),
('BST -650', 'Waterproof', 'IPX6', 'AUDIO', 'AIWA'),
('BST -650', 'WORKING TIME   ', '14 HOURS', 'AUDIO', 'AIWA'),
('BST -650', 'PORT', 'TYPE C CHATGING    AUX IN   MICRO SD  BUILD IN MICROPHONE ', 'AUDIO', 'AIWA'),
('BST -650', 'WIRELESS RANGE', '>10M', 'AUDIO', 'AIWA'),
('BST -650', 'LIGHT EFFECT', '9 LIGHT EFFECT', 'AUDIO', 'AIWA'),
('BST -650', 'WARRANTY', '1 Year', 'AUDIO', 'AIWA');

-- --------------------------------------------------------

--
-- Table structure for table `wall`
--

CREATE TABLE `wall` (
  `picture` varchar(100) NOT NULL
) ENGINE=InnoDB DEFAULT CHARSET=utf8mb4 COLLATE=utf8mb4_general_ci;

--
-- Dumping data for table `wall`
--

INSERT INTO `wall` (`picture`) VALUES
('COLORFUL-5080.png'),
('COLORFUL-MEOW.png'),
('Colorful.png'),
('COLORFUL-Z890.png'),
('COLORFUL-NOTEBOOK.png'),
('LIANLI-EDGE.png'),
('LIANLI-V100.png'),
('Lian Li.png'),
('LIANLI-AIO.png'),
('LIANLI-FAN.png'),
('ACER-UF300.jpg'),
('ACER-UM310.png'),
('Acer.png'),
('ACER-HT100.png'),
('ACER-FA100.png'),
('PREDATOR-GM7.png'),
('PREDATOR-GP30.png'),
('Predator Storage.png'),
('PREDATOR-HERA.png'),
('PREDATOR-VESTA.png'),
('DARMO-K5 GREY.png'),
('DARMOSHARK-M3.png'),
('Darmoshark.png'),
('DARMO-M3S PINK.png'),
('DARMO-TOP87.png'),
('AIWA-ESTM138.png'),
('AIWA-BST650.png'),
('Aiwa.png'),
('MD2425-V.png'),
('AIWA-BSK.png'),
('APNX-FP2.png'),
('APNX-V2.png'),
('APNX.png'),
('APNX-AP1.png'),
('APNX-V1.png'),
('HAVN-BASEBLACK.png'),
('HAVN-FLOWBLACK.png'),
('HAVN.png'),
('HAVN-BASE.png'),
('HAVN-VGPU.png'),
('MARVO-KG993G.png'),
('MARVO-803.png'),
('Marvo.png'),
('MARVO-H8325.png'),
('MARVO-CM416.png'),
('SEGOTEP-ENDURA.png'),
('SEGOTEP-LUMI.png'),
('Segotep.png'),
('SEGOTEP-360.png'),
('SEGOTEP-PSU.png'),
('THERMALRIGHT-FAN.png'),
('THERMALRIGHT-M10.png'),
('Thermalright.png'),
('THERMALRIGHT-1.png'),
('THERMALRIGHT-PSU.png'),
('XFIVE-M7.png'),
('XFIVE-M5.png'),
('X-Five.png'),
('XFIVE-M3.png'),
('XFIVE-M2.png'),
('AOC-HEADSET.png'),
('AOC-ARM.png'),
('AOC.png'),
('AOC-MOUSE.png'),
('AOC-MOUSE-1.png'),
('ASIAHORSE-1.png'),
('ASIAHORSE-2.png'),
('Asiahorse.png'),
('ASIAHORSE-3.png'),
('ASIAHORSE-4.png'),
('MOTORSPEED-KEYBOARD.png'),
('MOTORSPEED-NUM.png'),
('Motospeed.png'),
('MOTORSPEED-MOUSE.png'),
('MOTORSPEED-PAD.png'),
('STREAM-CAM.png'),
('STREAM-MIC.png'),
('Streamplify.png'),
('STREAM-CAP.png'),
('STREAM-ARM.png'),
('TOTOLINK-1.png'),
('TOTOLINK-2.png'),
('Toto Link.png'),
('TOTOLINK-3.png'),
('TOTOLINK-4.png'),
('ZEAG-1.png'),
('ZEAG-2.png'),
('Zeaginal.png'),
('ZEAG-3.png'),
('ZEAG-4.png');
COMMIT;

